Last updated on 2014-10-02 01:48:19.
Flavor | Version | Tinstall | Tcheck | Ttotal | Status | Flags |
---|---|---|---|---|---|---|
r-devel-linux-x86_64-debian-clang | 1.0.7 | 0.68 | 20.36 | 21.04 | NOTE | |
r-devel-linux-x86_64-debian-gcc | 1.0.7 | 0.68 | 19.90 | 20.57 | NOTE | |
r-devel-linux-x86_64-fedora-clang | 1.0.7 | 42.19 | NOTE | |||
r-devel-linux-x86_64-fedora-gcc | 1.0.7 | 40.72 | NOTE | |||
r-devel-osx-x86_64-clang | 1.0.7 | 38.32 | NOTE | |||
r-devel-windows-ix86+x86_64 | 1.0.7 | 3.00 | 33.00 | 36.00 | NOTE | |
r-patched-linux-x86_64 | 1.0.7 | 0.72 | 21.58 | 22.30 | OK | |
r-patched-solaris-sparc | 1.0.7 | 254.80 | OK | |||
r-patched-solaris-x86 | 1.0.7 | 65.20 | OK | |||
r-release-linux-ix86 | 1.0.7 | 1.00 | 27.51 | 28.52 | OK | |
r-release-linux-x86_64 | 1.0.7 | 0.68 | 20.12 | 20.80 | OK | |
r-release-osx-x86_64-mavericks | 1.0.7 | NOTE | ||||
r-release-osx-x86_64-snowleopard | 1.0.7 | OK | ||||
r-release-windows-ix86+x86_64 | 1.0.7 | 3.00 | 32.00 | 35.00 | OK | |
r-oldrel-windows-ix86+x86_64 | 1.0.7 | 3.00 | 34.00 | 37.00 | OK |
Version: 1.0.7
Check: R code for possible problems
Result: NOTE
BEAPFrOG: no visible global function definition for ‘jags.model’
BEAPFrOG: no visible global function definition for ‘coda.samples’
Flavors: r-devel-linux-x86_64-debian-clang, r-devel-linux-x86_64-debian-gcc, r-devel-linux-x86_64-fedora-clang, r-devel-linux-x86_64-fedora-gcc, r-devel-osx-x86_64-clang, r-devel-windows-ix86+x86_64, r-release-osx-x86_64-mavericks
Version: 1.0.7
Check: package dependencies
Result: NOTE
Package suggested but not available for checking: ‘rjags’
Flavor: r-release-osx-x86_64-mavericks