Last updated on 2014-10-02 01:48:19.
Flavor | Version | Tinstall | Tcheck | Ttotal | Status | Flags |
---|---|---|---|---|---|---|
r-devel-linux-x86_64-debian-clang | 0.3-7 | 0.66 | 12.72 | 13.38 | NOTE | |
r-devel-linux-x86_64-debian-gcc | 0.3-7 | 0.60 | 13.19 | 13.79 | NOTE | |
r-devel-linux-x86_64-fedora-clang | 0.3-7 | 27.09 | NOTE | |||
r-devel-linux-x86_64-fedora-gcc | 0.3-7 | 27.45 | NOTE | |||
r-devel-osx-x86_64-clang | 0.3-7 | 27.76 | NOTE | |||
r-devel-windows-ix86+x86_64 | 0.3-7 | 2.00 | 21.00 | 23.00 | NOTE | |
r-patched-linux-x86_64 | 0.3-7 | 0.64 | 13.02 | 13.66 | OK | |
r-patched-solaris-sparc | 0.3-7 | 159.10 | OK | |||
r-patched-solaris-x86 | 0.3-7 | 39.20 | OK | |||
r-release-linux-ix86 | 0.3-7 | 0.95 | 19.14 | 20.09 | OK | |
r-release-linux-x86_64 | 0.3-7 | 0.62 | 12.79 | 13.41 | OK | |
r-release-osx-x86_64-mavericks | 0.3-7 | OK | ||||
r-release-osx-x86_64-snowleopard | 0.3-7 | OK | ||||
r-release-windows-ix86+x86_64 | 0.3-7 | 2.00 | 22.00 | 24.00 | OK | |
r-oldrel-windows-ix86+x86_64 | 0.3-7 | 3.00 | 21.00 | 24.00 | OK |
Version: 0.3-7
Check: R code for possible problems
Result: NOTE
plot.krls: no visible global function definition for ‘histogram’
Flavors: r-devel-linux-x86_64-debian-clang, r-devel-linux-x86_64-debian-gcc, r-devel-linux-x86_64-fedora-clang, r-devel-linux-x86_64-fedora-gcc, r-devel-osx-x86_64-clang, r-devel-windows-ix86+x86_64