Last updated on 2014-10-02 01:48:19.
Flavor | Version | Tinstall | Tcheck | Ttotal | Status | Flags |
---|---|---|---|---|---|---|
r-devel-linux-x86_64-debian-clang | 0.7.2.6 | 1.22 | 17.63 | 18.85 | NOTE | |
r-devel-linux-x86_64-debian-gcc | 0.7.2.6 | 1.70 | 17.24 | 18.94 | NOTE | |
r-devel-linux-x86_64-fedora-clang | 0.7.2.6 | 35.26 | NOTE | |||
r-devel-linux-x86_64-fedora-gcc | 0.7.2.6 | 33.58 | NOTE | |||
r-devel-osx-x86_64-clang | 0.7.2.6 | 35.14 | NOTE | |||
r-devel-windows-ix86+x86_64 | 0.7.2.6 | 5.00 | 36.00 | 41.00 | NOTE | |
r-patched-linux-x86_64 | 0.7.2.6 | 1.20 | 17.73 | 18.93 | OK | |
r-patched-solaris-sparc | 0.7.2.6 | 209.30 | OK | |||
r-patched-solaris-x86 | 0.7.2.6 | 53.50 | OK | |||
r-release-linux-ix86 | 0.7.2.6 | 1.64 | 24.28 | 25.92 | OK | |
r-release-linux-x86_64 | 0.7.2.6 | 1.31 | 18.47 | 19.78 | OK | |
r-release-osx-x86_64-mavericks | 0.7.2.6 | OK | ||||
r-release-osx-x86_64-snowleopard | 0.7.2.6 | OK | ||||
r-release-windows-ix86+x86_64 | 0.7.2.6 | 6.00 | 35.00 | 41.00 | NOTE | |
r-oldrel-windows-ix86+x86_64 | 0.7.2.6 | 6.00 | 35.00 | 41.00 | NOTE |
Version: 0.7.2.6
Check: R code for possible problems
Result: NOTE
registerParallel: no visible global function definition for
‘registerDoMC’
Flavors: r-devel-linux-x86_64-debian-clang, r-devel-linux-x86_64-debian-gcc, r-devel-linux-x86_64-fedora-clang, r-devel-linux-x86_64-fedora-gcc, r-devel-osx-x86_64-clang, r-devel-windows-ix86+x86_64, r-release-windows-ix86+x86_64, r-oldrel-windows-ix86+x86_64
Version: 0.7.2.6
Check: package dependencies
Result: NOTE
Package suggested but not available for checking: 'doMC'
Flavors: r-devel-windows-ix86+x86_64, r-release-windows-ix86+x86_64, r-oldrel-windows-ix86+x86_64
Version: 0.7.2.6
Check: Rd cross-references
Result: NOTE
Package unavailable to check Rd xrefs: 'doMC'
Flavors: r-devel-windows-ix86+x86_64, r-release-windows-ix86+x86_64, r-oldrel-windows-ix86+x86_64