Last updated on 2014-10-02 01:48:18.
Flavor | Version | Tinstall | Tcheck | Ttotal | Status | Flags |
---|---|---|---|---|---|---|
r-devel-linux-x86_64-debian-clang | 1.0.6.1 | 0.76 | 16.96 | 17.72 | NOTE | |
r-devel-linux-x86_64-debian-gcc | 1.0.6.1 | 0.76 | 17.01 | 17.77 | NOTE | |
r-devel-linux-x86_64-fedora-clang | 1.0.6.1 | 36.18 | NOTE | |||
r-devel-linux-x86_64-fedora-gcc | 1.0.6.1 | 35.59 | NOTE | |||
r-devel-osx-x86_64-clang | 1.0.6.1 | 32.21 | OK | |||
r-devel-windows-ix86+x86_64 | 1.0.6.1 | 3.00 | 25.00 | 28.00 | OK | |
r-patched-linux-x86_64 | 1.0.6.1 | 0.82 | 17.37 | 18.19 | NOTE | |
r-patched-solaris-sparc | 1.0.6.1 | 198.10 | OK | |||
r-patched-solaris-x86 | 1.0.6.1 | 51.50 | OK | |||
r-release-linux-ix86 | 1.0.6.1 | 1.16 | 23.63 | 24.79 | OK | |
r-release-linux-x86_64 | 1.0.6.1 | 0.79 | 17.45 | 18.24 | NOTE | |
r-release-osx-x86_64-mavericks | 1.0.6.1 | OK | ||||
r-release-osx-x86_64-snowleopard | 1.0.6.1 | OK | ||||
r-release-windows-ix86+x86_64 | 1.0.6.1 | 3.00 | 26.00 | 29.00 | OK | |
r-oldrel-windows-ix86+x86_64 | 1.0.6.1 | 3.00 | 24.00 | 27.00 | OK |
Version: 1.0.6.1
Check: Rd line widths
Result: NOTE
Rd file 'InteractiveIGraph.Rd':
\examples lines wider than 100 characters:
# this is an 'InteractiveIGraph' object, up till now there is not much difference. Just some extra attributes.
Rd file 'MenuAddItems.Rd':
\examples lines wider than 100 characters:
Item = list(list(label=msg, RegionParams=list(XBufCof = 0, YBufCof=0.2), RecParams=list(lwd = NA, border=NA), TextParams=list(cex=0.8 ... [TRUNCATED]
These lines will be truncated in the PDF manual.
Flavors: r-devel-linux-x86_64-debian-clang, r-devel-linux-x86_64-debian-gcc, r-devel-linux-x86_64-fedora-clang, r-devel-linux-x86_64-fedora-gcc, r-patched-linux-x86_64, r-release-linux-x86_64