Last updated on 2014-10-02 01:48:18.
Flavor | Version | Tinstall | Tcheck | Ttotal | Status | Flags |
---|---|---|---|---|---|---|
r-devel-linux-x86_64-debian-clang | 0.2 | 1.34 | 11.88 | 13.22 | NOTE | |
r-devel-linux-x86_64-debian-gcc | 0.2 | 1.30 | 11.42 | 12.72 | NOTE | |
r-devel-linux-x86_64-fedora-clang | 0.2 | 26.25 | NOTE | |||
r-devel-linux-x86_64-fedora-gcc | 0.2 | 25.54 | NOTE | |||
r-devel-osx-x86_64-clang | 0.2 | 26.79 | NOTE | |||
r-devel-windows-ix86+x86_64 | 0.2 | 8.00 | 29.00 | 37.00 | NOTE | |
r-patched-linux-x86_64 | 0.2 | 1.34 | 11.74 | 13.07 | NOTE | |
r-patched-solaris-sparc | 0.2 | 150.90 | NOTE | |||
r-patched-solaris-x86 | 0.2 | 40.80 | NOTE | |||
r-release-linux-ix86 | 0.2 | 2.02 | 18.56 | 20.58 | NOTE | |
r-release-linux-x86_64 | 0.2 | 1.32 | 11.78 | 13.11 | NOTE | |
r-release-osx-x86_64-mavericks | 0.2 | NOTE | ||||
r-release-osx-x86_64-snowleopard | 0.2 | NOTE | ||||
r-release-windows-ix86+x86_64 | 0.2 | 7.00 | 30.00 | 37.00 | NOTE | |
r-oldrel-windows-ix86+x86_64 | 0.2 | 8.00 | 32.00 | 40.00 | NOTE |
Version: 0.2
Check: dependencies in R code
Result: NOTE
'library' or 'require' call to ‘xtable’ which was already attached by Depends.
Please remove these calls from your code.
See the information on DESCRIPTION files in the chapter ‘Creating R
packages’ of the ‘Writing R Extensions’ manual.
Flavors: r-devel-linux-x86_64-debian-clang, r-devel-linux-x86_64-debian-gcc, r-devel-linux-x86_64-fedora-clang, r-devel-linux-x86_64-fedora-gcc, r-devel-osx-x86_64-clang, r-devel-windows-ix86+x86_64, r-patched-linux-x86_64, r-patched-solaris-sparc, r-patched-solaris-x86, r-release-linux-ix86, r-release-linux-x86_64, r-release-osx-x86_64-mavericks, r-release-osx-x86_64-snowleopard, r-release-windows-ix86+x86_64, r-oldrel-windows-ix86+x86_64
Version: 0.2
Check: R code for possible problems
Result: NOTE
dependogram: no visible global function definition for ‘makeCluster’
dependogram: no visible global function definition for
‘clusterSetupSPRNG’
dependogram: no visible global function definition for ‘clusterCall’
dependogram: no visible global function definition for ‘stopCluster’
Flavors: r-devel-linux-x86_64-debian-clang, r-devel-linux-x86_64-debian-gcc, r-devel-linux-x86_64-fedora-clang, r-devel-linux-x86_64-fedora-gcc, r-devel-osx-x86_64-clang, r-devel-windows-ix86+x86_64
Version: 0.2
Check: package dependencies
Result: NOTE
Packages suggested but not available for checking: ‘rsprng’ ‘Rmpi’
Flavor: r-release-osx-x86_64-mavericks
Version: 0.2
Check: package dependencies
Result: NOTE
Package suggested but not available for checking: 'rsprng'
Flavor: r-release-osx-x86_64-snowleopard