Last updated on 2014-10-02 01:48:18.
Flavor | Version | Tinstall | Tcheck | Ttotal | Status | Flags |
---|---|---|---|---|---|---|
r-devel-linux-x86_64-debian-clang | 1.0-1 | 0.91 | 39.14 | 40.04 | NOTE | |
r-devel-linux-x86_64-debian-gcc | 1.0-1 | 1.00 | 38.25 | 39.25 | NOTE | |
r-devel-linux-x86_64-fedora-clang | 1.0-1 | 91.85 | NOTE | |||
r-devel-linux-x86_64-fedora-gcc | 1.0-1 | 95.39 | NOTE | |||
r-devel-osx-x86_64-clang | 1.0-1 | 64.90 | NOTE | |||
r-devel-windows-ix86+x86_64 | 1.0-1 | 3.00 | 57.00 | 60.00 | NOTE | |
r-patched-linux-x86_64 | 1.0-1 | 0.92 | 41.10 | 42.01 | NOTE | |
r-patched-solaris-sparc | 1.0-1 | 559.30 | NOTE | |||
r-patched-solaris-x86 | 1.0-1 | 100.20 | NOTE | |||
r-release-linux-ix86 | 1.0-1 | 1.49 | 53.12 | 54.61 | NOTE | |
r-release-linux-x86_64 | 1.0-1 | 0.90 | 45.88 | 46.78 | NOTE | |
r-release-osx-x86_64-mavericks | 1.0-1 | NOTE | ||||
r-release-osx-x86_64-snowleopard | 1.0-1 | NOTE | ||||
r-release-windows-ix86+x86_64 | 1.0-1 | 4.00 | 64.00 | 68.00 | NOTE | |
r-oldrel-windows-ix86+x86_64 | 1.0-1 | 3.00 | 71.00 | 74.00 | NOTE |
Version: 1.0-1
Check: dependencies in R code
Result: NOTE
Package in Depends field not imported from: ‘lattice’
These packages need to be imported from (in the NAMESPACE file)
for when this namespace is loaded but not attached.
See the information on DESCRIPTION files in the chapter ‘Creating R
packages’ of the ‘Writing R Extensions’ manual.
Flavors: r-devel-linux-x86_64-debian-clang, r-devel-linux-x86_64-debian-gcc, r-devel-linux-x86_64-fedora-clang, r-devel-linux-x86_64-fedora-gcc, r-devel-osx-x86_64-clang, r-devel-windows-ix86+x86_64, r-patched-linux-x86_64, r-patched-solaris-sparc, r-patched-solaris-x86, r-release-linux-ix86, r-release-linux-x86_64, r-release-osx-x86_64-mavericks, r-release-windows-ix86+x86_64, r-oldrel-windows-ix86+x86_64
Version: 1.0-1
Check: R code for possible problems
Result: NOTE
plot.ICEepmap: no visible global function definition for ‘contourplot’
Flavors: r-devel-linux-x86_64-debian-clang, r-devel-linux-x86_64-debian-gcc, r-devel-linux-x86_64-fedora-clang, r-devel-linux-x86_64-fedora-gcc, r-devel-osx-x86_64-clang, r-devel-windows-ix86+x86_64
Version: 1.0-1
Check: dependencies in R code
Result: NOTE
Package in Depends field not imported from: ‘lattice’
These packages need to be imported from for the case when
this namespace is loaded but not attached.
See the information on DESCRIPTION files in the chapter ‘Creating R
packages’ of the ‘Writing R Extensions’ manual.
Flavor: r-release-osx-x86_64-snowleopard