CRAN Package Check Results for Package GrammR

Last updated on 2014-10-02 01:48:17.

Flavor Version Tinstall Tcheck Ttotal Status Flags
r-devel-linux-x86_64-debian-clang 1.0.0 3.92 54.99 58.90 OK
r-devel-linux-x86_64-debian-gcc 1.0.0 4.15 52.56 56.71 OK
r-devel-linux-x86_64-fedora-clang 1.0.0 126.66 OK
r-devel-linux-x86_64-fedora-gcc 1.0.0 142.14 OK
r-devel-osx-x86_64-clang 1.0.0 99.56 OK
r-devel-windows-ix86+x86_64 1.0.0 11.00 114.00 125.00 OK
r-patched-linux-x86_64 1.0.0 4.18 55.34 59.52 OK
r-patched-solaris-sparc 1.0.0 717.50 OK
r-patched-solaris-x86 1.0.0 182.30 OK
r-release-linux-ix86 1.0.0 5.26 72.06 77.32 OK
r-release-linux-x86_64 1.0.0 4.34 58.42 62.76 OK
r-release-osx-x86_64-mavericks 1.0.0 ERROR
r-release-osx-x86_64-snowleopard 1.0.0 OK
r-release-windows-ix86+x86_64 1.0.0 13.00 134.00 147.00 OK
r-oldrel-windows-ix86+x86_64 1.0.0 13.00 121.00 134.00 OK

Check Details

Version: 1.0.0
Check: package dependencies
Result: ERROR
    Packages required but not available: ‘RGtk2’ ‘gWidgetsRGtk2’
    
    See the information on DESCRIPTION files in the chapter ‘Creating R
    packages’ of the ‘Writing R Extensions’ manual.
Flavor: r-release-osx-x86_64-mavericks