Last updated on 2014-10-02 01:48:17.
Flavor | Version | Tinstall | Tcheck | Ttotal | Status | Flags |
---|---|---|---|---|---|---|
r-devel-linux-x86_64-debian-clang | 1.1.2 | 0.81 | 12.57 | 13.38 | NOTE | |
r-devel-linux-x86_64-debian-gcc | 1.1.2 | 0.80 | 12.37 | 13.17 | NOTE | |
r-devel-linux-x86_64-fedora-clang | 1.1.2 | 26.55 | NOTE | |||
r-devel-linux-x86_64-fedora-gcc | 1.1.2 | 29.59 | NOTE | |||
r-devel-osx-x86_64-clang | 1.1.2 | 27.57 | NOTE | |||
r-devel-windows-ix86+x86_64 | 1.1.2 | 3.00 | 20.00 | 23.00 | NOTE | |
r-patched-linux-x86_64 | 1.1.2 | 0.82 | 12.46 | 13.29 | NOTE | |
r-patched-solaris-sparc | 1.1.2 | 159.60 | NOTE | |||
r-patched-solaris-x86 | 1.1.2 | 46.30 | NOTE | |||
r-release-linux-ix86 | 1.1.2 | 1.20 | 18.96 | 20.16 | NOTE | |
r-release-linux-x86_64 | 1.1.2 | 0.86 | 12.50 | 13.36 | NOTE | |
r-release-osx-x86_64-mavericks | 1.1.2 | NOTE | ||||
r-release-osx-x86_64-snowleopard | 1.1.2 | NOTE | ||||
r-release-windows-ix86+x86_64 | 1.1.2 | 3.00 | 23.00 | 26.00 | NOTE | |
r-oldrel-windows-ix86+x86_64 | 1.1.2 | 5.00 | 21.00 | 26.00 | NOTE |
Version: 1.1.2
Check: dependencies in R code
Result: NOTE
'library' or 'require' calls to packages already attached by Depends:
‘igraph’ ‘splines’
Please remove these calls from your code.
See the information on DESCRIPTION files in the chapter ‘Creating R
packages’ of the ‘Writing R Extensions’ manual.
Flavors: r-devel-linux-x86_64-debian-clang, r-devel-linux-x86_64-debian-gcc, r-devel-linux-x86_64-fedora-clang, r-devel-linux-x86_64-fedora-gcc, r-devel-osx-x86_64-clang, r-devel-windows-ix86+x86_64, r-patched-linux-x86_64, r-patched-solaris-sparc, r-patched-solaris-x86, r-release-linux-ix86, r-release-linux-x86_64, r-release-osx-x86_64-mavericks, r-release-osx-x86_64-snowleopard, r-release-windows-ix86+x86_64, r-oldrel-windows-ix86+x86_64
Version: 1.1.2
Check: R code for possible problems
Result: NOTE
Found an obsolete/platform-specific call in the following function:
‘timedelay.lm’
Found the platform-specific device:
‘x11’
dev.new() is the preferred way to open a new device, in the unlikely
event one is needed.
Flavors: r-devel-linux-x86_64-debian-clang, r-devel-linux-x86_64-debian-gcc, r-devel-linux-x86_64-fedora-clang, r-devel-linux-x86_64-fedora-gcc, r-devel-osx-x86_64-clang, r-patched-linux-x86_64, r-patched-solaris-sparc, r-patched-solaris-x86, r-release-linux-ix86, r-release-linux-x86_64
Version: 1.1.2
Check: Rd files
Result: NOTE
prepare_Rd: GeneReg-package.Rd:12-13: Dropping empty section \usage
prepare_Rd: GeneReg-package.Rd:14-15: Dropping empty section \arguments
Flavors: r-devel-linux-x86_64-debian-clang, r-devel-linux-x86_64-debian-gcc, r-devel-linux-x86_64-fedora-clang, r-devel-linux-x86_64-fedora-gcc, r-devel-osx-x86_64-clang, r-devel-windows-ix86+x86_64, r-patched-linux-x86_64, r-patched-solaris-sparc, r-patched-solaris-x86, r-release-linux-ix86, r-release-linux-x86_64, r-release-osx-x86_64-mavericks, r-release-osx-x86_64-snowleopard, r-release-windows-ix86+x86_64, r-oldrel-windows-ix86+x86_64