Last updated on 2014-10-02 01:48:17.
Flavor | Version | Tinstall | Tcheck | Ttotal | Status | Flags |
---|---|---|---|---|---|---|
r-devel-linux-x86_64-debian-clang | 1.0 | 0.96 | 18.86 | 19.81 | OK | |
r-devel-linux-x86_64-debian-gcc | 1.0 | 0.95 | 18.76 | 19.71 | OK | |
r-devel-linux-x86_64-fedora-clang | 1.0 | 42.06 | OK | |||
r-devel-linux-x86_64-fedora-gcc | 1.0 | 44.37 | OK | |||
r-devel-osx-x86_64-clang | 1.0 | 38.59 | OK | |||
r-devel-windows-ix86+x86_64 | 1.0 | 5.00 | 30.00 | 35.00 | OK | |
r-patched-linux-x86_64 | 1.0 | 1.38 | 19.51 | 20.89 | OK | |
r-patched-solaris-sparc | 1.0 | 234.30 | OK | |||
r-patched-solaris-x86 | 1.0 | 58.20 | OK | |||
r-release-linux-ix86 | 1.0 | 1.34 | 26.20 | 27.54 | OK | |
r-release-linux-x86_64 | 1.0 | 0.99 | 19.68 | 20.67 | OK | |
r-release-osx-x86_64-mavericks | 1.0 | OK | ||||
r-release-osx-x86_64-snowleopard | 1.0 | ERROR | ||||
r-release-windows-ix86+x86_64 | 1.0 | 4.00 | 33.00 | 37.00 | OK | |
r-oldrel-windows-ix86+x86_64 | 1.0 | 4.00 | 33.00 | 37.00 | OK |
Version: 1.0
Check: whether package can be installed
Result: ERROR
Installation failed.
Flavor: r-release-osx-x86_64-snowleopard