Last updated on 2014-10-02 01:48:17.
Flavor | Version | Tinstall | Tcheck | Ttotal | Status | Flags |
---|---|---|---|---|---|---|
r-devel-linux-x86_64-debian-clang | 2012.3-1 | 0.70 | 19.74 | 20.44 | NOTE | |
r-devel-linux-x86_64-debian-gcc | 2012.3-1 | 0.68 | 19.54 | 20.22 | NOTE | |
r-devel-linux-x86_64-fedora-clang | 2012.3-1 | 42.24 | NOTE | |||
r-devel-linux-x86_64-fedora-gcc | 2012.3-1 | 47.21 | NOTE | |||
r-devel-osx-x86_64-clang | 2012.3-1 | 40.45 | OK | |||
r-devel-windows-ix86+x86_64 | 2012.3-1 | 2.00 | 30.00 | 32.00 | OK | |
r-patched-linux-x86_64 | 2012.3-1 | 0.78 | 21.18 | 21.96 | NOTE | |
r-patched-solaris-sparc | 2012.3-1 | 231.30 | OK | |||
r-patched-solaris-x86 | 2012.3-1 | 53.70 | OK | |||
r-release-linux-ix86 | 2012.3-1 | 1.02 | 29.31 | 30.32 | OK | |
r-release-linux-x86_64 | 2012.3-1 | 0.72 | 20.55 | 21.27 | NOTE | |
r-release-osx-x86_64-mavericks | 2012.3-1 | OK | ||||
r-release-windows-ix86+x86_64 | 2012.3-1 | 3.00 | 30.00 | 33.00 | OK | |
r-oldrel-windows-ix86+x86_64 | 2012.3-1 | 2.00 | 34.00 | 36.00 | OK |
Version: 2012.3-1
Check: top-level files
Result: NOTE
Non-standard file/directory found at top level:
‘Rbuildignore’
Flavors: r-devel-linux-x86_64-debian-clang, r-devel-linux-x86_64-debian-gcc, r-devel-linux-x86_64-fedora-clang, r-devel-linux-x86_64-fedora-gcc, r-patched-linux-x86_64, r-release-linux-x86_64
Version: 2012.3-1
Check: Rd line widths
Result: NOTE
Rd file 'rotations.Rd':
\usage lines wider than 90 characters:
pstT(L, Tmat=diag(ncol(L)), W=NULL, Target=NULL, normalize=FALSE, eps=1e-5, maxit=1000)
pstQ(L, Tmat=diag(ncol(L)), W=NULL, Target=NULL, normalize=FALSE, eps=1e-5, maxit=1000)
These lines will be truncated in the PDF manual.
Flavors: r-devel-linux-x86_64-debian-clang, r-devel-linux-x86_64-debian-gcc, r-devel-linux-x86_64-fedora-clang, r-devel-linux-x86_64-fedora-gcc, r-patched-linux-x86_64, r-release-linux-x86_64