Last updated on 2014-10-02 01:48:17.
Flavor | Version | Tinstall | Tcheck | Ttotal | Status | Flags |
---|---|---|---|---|---|---|
r-devel-linux-x86_64-debian-clang | 0.1-9 | 1.90 | 117.78 | 119.68 | OK | |
r-devel-linux-x86_64-debian-gcc | 0.1-9 | 1.85 | 115.68 | 117.54 | OK | |
r-devel-linux-x86_64-fedora-clang | 0.1-9 | 234.70 | OK | |||
r-devel-linux-x86_64-fedora-gcc | 0.1-9 | 245.60 | OK | |||
r-devel-osx-x86_64-clang | 0.1-9 | 172.26 | OK | |||
r-devel-windows-ix86+x86_64 | 0.1-9 | 10.00 | 310.00 | 320.00 | OK | |
r-patched-linux-x86_64 | 0.1-9 | 1.90 | 115.78 | 117.68 | OK | |
r-patched-solaris-sparc | 0.1-9 | 1898.50 | OK | |||
r-patched-solaris-x86 | 0.1-9 | 303.80 | OK | |||
r-release-linux-ix86 | 0.1-9 | 3.50 | 171.71 | 175.21 | OK | |
r-release-linux-x86_64 | 0.1-9 | 1.88 | 115.45 | 117.33 | OK | |
r-release-osx-x86_64-mavericks | 0.1-9 | NOTE | ||||
r-release-osx-x86_64-snowleopard | 0.1-9 | OK | ||||
r-release-windows-ix86+x86_64 | 0.1-9 | 10.00 | 316.00 | 326.00 | OK | |
r-oldrel-windows-ix86+x86_64 | 0.1-9 | 10.00 | 322.00 | 332.00 | OK |
Version: 0.1-9
Check: re-building of vignette outputs
Result: NOTE
Error in re-building vignettes:
...
Loading required package: gtools
Loaded GGMselect 0.1.9
network: Classes for Relational Data
Version 1.10.2 created on 2014-06-12.
copyright (c) 2005, Carter T. Butts, University of California-Irvine
Mark S. Handcock, University of California -- Los Angeles
David R. Hunter, Penn State University
Martina Morris, University of Washington
Skye Bender-deMoll, University of Washington
For citation information, type citation("network").
Type help("network-package") to get started.
Error in texi2dvi(file = file, pdf = TRUE, clean = clean, quiet = quiet, :
Running 'texi2dvi' on 'Notice.tex' failed.
LaTeX errors:
! LaTeX Error: File `a4wide.sty' not found.
Type X to quit or <RETURN> to proceed,
or enter new name. (Default extension: sty)
gn_test/GGMselect/vignettes/Notice.tex:16: ==> Fatal error occurred, no output
PDF file produced!
Calls: buildVignettes -> texi2pdf -> texi2dvi
Execution halted
Flavor: r-release-osx-x86_64-mavericks