Last updated on 2014-10-02 01:48:17.
Flavor | Version | Tinstall | Tcheck | Ttotal | Status | Flags |
---|---|---|---|---|---|---|
r-devel-linux-x86_64-debian-clang | 1.0 | 2.97 | 42.02 | 44.98 | NOTE | |
r-devel-linux-x86_64-debian-gcc | 1.0 | 3.08 | 41.10 | 44.18 | NOTE | |
r-devel-linux-x86_64-fedora-clang | 1.0 | 97.87 | NOTE | |||
r-devel-linux-x86_64-fedora-gcc | 1.0 | 108.07 | NOTE | |||
r-devel-osx-x86_64-clang | 1.0 | 77.95 | NOTE | |||
r-devel-windows-ix86+x86_64 | 1.0 | 10.00 | 60.00 | 70.00 | NOTE | |
r-patched-linux-x86_64 | 1.0 | 4.10 | 45.05 | 49.15 | NOTE | |
r-patched-solaris-sparc | 1.0 | 545.00 | NOTE | |||
r-patched-solaris-x86 | 1.0 | 124.00 | NOTE | |||
r-release-linux-ix86 | 1.0 | 3.92 | 55.70 | 59.61 | NOTE | |
r-release-linux-x86_64 | 1.0 | 3.25 | 45.88 | 49.12 | NOTE | |
r-release-osx-x86_64-mavericks | 1.0 | NOTE | ||||
r-release-osx-x86_64-snowleopard | 1.0 | NOTE | ||||
r-release-windows-ix86+x86_64 | 1.0 | 10.00 | 73.00 | 83.00 | NOTE | |
r-oldrel-windows-ix86+x86_64 | 1.0 | 13.00 | 74.00 | 87.00 | NOTE |
Version: 1.0
Check: package dependencies
Result: NOTE
Package which this enhances but not available for checking: ‘stable’
Flavors: r-devel-linux-x86_64-debian-clang, r-devel-linux-x86_64-debian-gcc, r-devel-linux-x86_64-fedora-clang, r-devel-linux-x86_64-fedora-gcc, r-devel-osx-x86_64-clang, r-devel-windows-ix86+x86_64, r-patched-linux-x86_64, r-patched-solaris-sparc, r-patched-solaris-x86, r-release-linux-ix86, r-release-linux-x86_64, r-release-osx-x86_64-mavericks, r-release-osx-x86_64-snowleopard, r-release-windows-ix86+x86_64, r-oldrel-windows-ix86+x86_64
Version: 1.0
Check: R code for possible problems
Result: NOTE
.onAttach: no visible binding for '<<-' assignment to ‘GSgarch.dstable’
GSgarch.Dist: no visible global function definition for
‘GSgarch.dstable’
Flavors: r-devel-linux-x86_64-debian-clang, r-devel-linux-x86_64-debian-gcc, r-devel-linux-x86_64-fedora-clang, r-devel-linux-x86_64-fedora-gcc, r-devel-osx-x86_64-clang, r-devel-windows-ix86+x86_64