Last updated on 2014-10-02 01:48:17.
Flavor | Version | Tinstall | Tcheck | Ttotal | Status | Flags |
---|---|---|---|---|---|---|
r-devel-linux-x86_64-debian-clang | 0.1 | 0.75 | 16.22 | 16.97 | NOTE | |
r-devel-linux-x86_64-debian-gcc | 0.1 | 0.74 | 16.32 | 17.06 | NOTE | |
r-devel-linux-x86_64-fedora-clang | 0.1 | 35.19 | NOTE | |||
r-devel-linux-x86_64-fedora-gcc | 0.1 | 39.10 | NOTE | |||
r-devel-osx-x86_64-clang | 0.1 | 31.69 | OK | |||
r-devel-windows-ix86+x86_64 | 0.1 | 3.00 | 25.00 | 28.00 | OK | |
r-patched-linux-x86_64 | 0.1 | 0.72 | 17.60 | 18.32 | NOTE | |
r-patched-solaris-sparc | 0.1 | 203.30 | OK | |||
r-patched-solaris-x86 | 0.1 | 48.00 | OK | |||
r-release-linux-ix86 | 0.1 | 1.06 | 24.13 | 25.19 | OK | |
r-release-linux-x86_64 | 0.1 | 0.69 | 17.03 | 17.72 | NOTE | |
r-release-osx-x86_64-mavericks | 0.1 | OK | ||||
r-release-osx-x86_64-snowleopard | 0.1 | OK | ||||
r-release-windows-ix86+x86_64 | 0.1 | 3.00 | 34.00 | 37.00 | OK | |
r-oldrel-windows-ix86+x86_64 | 0.1 | 4.00 | 32.00 | 36.00 | OK |
Version: 0.1
Check: Rd line widths
Result: NOTE
Rd file 'TranSAM.Rd':
\usage lines wider than 90 characters:
TranSAM(x,samples1,samples2,minChange=0.2,var_filter=0.01,maxFDR=1,changeStep=0.1,scoreFun="magChange")
\examples lines wider than 100 characters:
selected.columns <- sort(c(sample(1:ncol(ABIdata),30),which(colnames(ABIdata) %in% c("GSM194513","GSM194514","GSM194515","GSM194516","G ... [TRUNCATED]
These lines will be truncated in the PDF manual.
Flavors: r-devel-linux-x86_64-debian-clang, r-devel-linux-x86_64-debian-gcc, r-devel-linux-x86_64-fedora-clang, r-devel-linux-x86_64-fedora-gcc, r-patched-linux-x86_64, r-release-linux-x86_64