CRAN Package Check Results for Package GAMBoost

Last updated on 2014-10-02 01:48:16.

Flavor Version Tinstall Tcheck Ttotal Status Flags
r-devel-linux-x86_64-debian-clang 1.2-3 3.66 42.10 45.76 NOTE
r-devel-linux-x86_64-debian-gcc 1.2-3 3.44 41.16 44.60 NOTE
r-devel-linux-x86_64-fedora-clang 1.2-3 105.63 NOTE
r-devel-linux-x86_64-fedora-gcc 1.2-3 121.00 NOTE
r-devel-osx-x86_64-clang 1.2-3 78.17 NOTE
r-devel-windows-ix86+x86_64 1.2-3 11.00 76.00 87.00 NOTE
r-patched-linux-x86_64 1.2-3 3.68 44.58 48.26 NOTE
r-patched-solaris-sparc 1.2-3 657.30 NOTE
r-patched-solaris-x86 1.2-3 144.50 NOTE
r-release-linux-ix86 1.2-3 4.44 54.24 58.68 NOTE
r-release-linux-x86_64 1.2-3 3.64 45.05 48.68 NOTE
r-release-osx-x86_64-mavericks 1.2-3 NOTE
r-release-windows-ix86+x86_64 1.2-3 11.00 87.00 98.00 NOTE
r-oldrel-windows-ix86+x86_64 1.2-3 12.00 80.00 92.00 NOTE

Check Details

Version: 1.2-3
Check: top-level files
Result: NOTE
    Non-standard files/directories found at top level:
     ‘changeLog’ ‘gnugpl2.txt’
Flavors: r-devel-linux-x86_64-debian-clang, r-devel-linux-x86_64-debian-gcc, r-devel-linux-x86_64-fedora-clang, r-devel-linux-x86_64-fedora-gcc, r-patched-linux-x86_64, r-release-linux-x86_64

Version: 1.2-3
Check: dependencies in R code
Result: NOTE
    Package in Depends field not imported from: ‘Matrix’
     These packages need to be imported from (in the NAMESPACE file)
     for when this namespace is loaded but not attached.
    See the information on DESCRIPTION files in the chapter ‘Creating R
    packages’ of the ‘Writing R Extensions’ manual.
Flavors: r-devel-linux-x86_64-debian-clang, r-devel-linux-x86_64-debian-gcc, r-devel-linux-x86_64-fedora-clang, r-devel-linux-x86_64-fedora-gcc, r-devel-osx-x86_64-clang, r-devel-windows-ix86+x86_64, r-patched-linux-x86_64, r-patched-solaris-sparc, r-patched-solaris-x86, r-release-linux-ix86, r-release-linux-x86_64, r-release-osx-x86_64-mavericks, r-release-windows-ix86+x86_64, r-oldrel-windows-ix86+x86_64

Version: 1.2-3
Check: foreign function calls
Result: NOTE
    Calls with DUP:
     .C("get_min_score_dev_binary_index", x.linear, as.integer(length(y)),
     as.integer(componentwise.no), as.integer(nrow(x.linear)),
     subset.index, linpen.index, as.double(y), as.double(actual.mu),
     as.double(actual.eta), as.double(D), as.double(weights),
     double(length(y)), as.double(fstruct$penalty.linear[linear.is.penalized]),
     double(componentwise.no), index = integer(1), score = double(componentwise.no),
     dev = double(1), DUP = FALSE)
     .C("calc_dev_binary_index", x.linear, as.integer(length(y)),
     as.integer(componentwise.no), as.integer(nrow(x.linear)),
     subset.index, linpen.index, as.double(y), as.double(actual.mu),
     as.double(actual.eta), as.double(D), as.double(weights),
     double(length(y)), as.double(fstruct$penalty.linear[linear.is.penalized]),
     double(componentwise.no), double(componentwise.no), res = double(componentwise.no),
     DUP = FALSE)
     .C("pre_sum_index", x.linear, as.integer(length(D)), as.integer(componentwise.no),
     as.integer(nrow(x.linear)), subset.index, linpen.index, as.double(D),
     as.double(weights), res = double(componentwise.no), DUP = FALSE)
     .C("get_min_score_dev_gaussian_index", x.linear, as.integer(length(y)),
     as.integer(componentwise.no), as.integer(nrow(x.linear)),
     subset.index, linpen.index, as.double(y), as.double(actual.mu),
     as.double(actual.eta), as.double(D), as.double(weights),
     double(length(y)), as.double(fstruct$penalty.linear[linear.is.penalized]),
     pre.sum, index = integer(1), score = double(componentwise.no),
     dev = double(1), DUP = FALSE)
     .C("get_min_score_dev_general_index", x.linear, as.integer(length(y)),
     as.integer(componentwise.no), as.integer(nrow(x.linear)),
     subset.index, linpen.index, as.double(y), as.double(actual.mu),
     as.double(actual.eta), as.double(D), as.double(weights),
     double(length(y)), as.double(fstruct$penalty.linear[linear.is.penalized]),
     double(componentwise.no), index = integer(1), score = double(componentwise.no),
     beta.delta = double(1), DUP = FALSE)
    DUP is no longer supported and will be ignored.
Flavors: r-devel-linux-x86_64-debian-clang, r-devel-linux-x86_64-debian-gcc, r-devel-linux-x86_64-fedora-clang, r-devel-linux-x86_64-fedora-gcc, r-devel-osx-x86_64-clang, r-devel-windows-ix86+x86_64

Version: 1.2-3
Check: R code for possible problems
Result: NOTE
    GAMBoost: no visible global function definition for ‘Matrix’
    cv.GAMBoost: no visible global function definition for ‘mclapply’
    estimPVal: no visible global function definition for ‘mclapply’
Flavors: r-devel-linux-x86_64-debian-clang, r-devel-linux-x86_64-debian-gcc, r-devel-linux-x86_64-fedora-clang, r-devel-linux-x86_64-fedora-gcc, r-devel-osx-x86_64-clang, r-devel-windows-ix86+x86_64

Version: 1.2-3
Check: foreign function calls
Result: NOTE
    Calls with DUP != TRUE:
     .C("get_min_score_dev_binary_index", x.linear, as.integer(length(y)),
     as.integer(componentwise.no), as.integer(nrow(x.linear)),
     subset.index, linpen.index, as.double(y), as.double(actual.mu),
     as.double(actual.eta), as.double(D), as.double(weights),
     double(length(y)), as.double(fstruct$penalty.linear[linear.is.penalized]),
     double(componentwise.no), index = integer(1), score = double(componentwise.no),
     dev = double(1), DUP = FALSE)
     .C("calc_dev_binary_index", x.linear, as.integer(length(y)),
     as.integer(componentwise.no), as.integer(nrow(x.linear)),
     subset.index, linpen.index, as.double(y), as.double(actual.mu),
     as.double(actual.eta), as.double(D), as.double(weights),
     double(length(y)), as.double(fstruct$penalty.linear[linear.is.penalized]),
     double(componentwise.no), double(componentwise.no), res = double(componentwise.no),
     DUP = FALSE)
     .C("pre_sum_index", x.linear, as.integer(length(D)), as.integer(componentwise.no),
     as.integer(nrow(x.linear)), subset.index, linpen.index, as.double(D),
     as.double(weights), res = double(componentwise.no), DUP = FALSE)
     .C("get_min_score_dev_gaussian_index", x.linear, as.integer(length(y)),
     as.integer(componentwise.no), as.integer(nrow(x.linear)),
     subset.index, linpen.index, as.double(y), as.double(actual.mu),
     as.double(actual.eta), as.double(D), as.double(weights),
     double(length(y)), as.double(fstruct$penalty.linear[linear.is.penalized]),
     pre.sum, index = integer(1), score = double(componentwise.no),
     dev = double(1), DUP = FALSE)
     .C("get_min_score_dev_general_index", x.linear, as.integer(length(y)),
     as.integer(componentwise.no), as.integer(nrow(x.linear)),
     subset.index, linpen.index, as.double(y), as.double(actual.mu),
     as.double(actual.eta), as.double(D), as.double(weights),
     double(length(y)), as.double(fstruct$penalty.linear[linear.is.penalized]),
     double(componentwise.no), index = integer(1), score = double(componentwise.no),
     beta.delta = double(1), DUP = FALSE)
    DUP = FALSE is deprecated and will be disabled in future versions of R.
Flavors: r-patched-linux-x86_64, r-patched-solaris-sparc, r-patched-solaris-x86

Version: 1.2-3
Check: foreign function calls
Result: NOTE
    Calls with DUP = FALSE:
     .C("get_min_score_dev_binary_index", x.linear, as.integer(length(y)),
     as.integer(componentwise.no), as.integer(nrow(x.linear)),
     subset.index, linpen.index, as.double(y), as.double(actual.mu),
     as.double(actual.eta), as.double(D), as.double(weights),
     double(length(y)), as.double(fstruct$penalty.linear[linear.is.penalized]),
     double(componentwise.no), index = integer(1), score = double(componentwise.no),
     dev = double(1), DUP = FALSE)
     .C("calc_dev_binary_index", x.linear, as.integer(length(y)),
     as.integer(componentwise.no), as.integer(nrow(x.linear)),
     subset.index, linpen.index, as.double(y), as.double(actual.mu),
     as.double(actual.eta), as.double(D), as.double(weights),
     double(length(y)), as.double(fstruct$penalty.linear[linear.is.penalized]),
     double(componentwise.no), double(componentwise.no), res = double(componentwise.no),
     DUP = FALSE)
     .C("pre_sum_index", x.linear, as.integer(length(D)), as.integer(componentwise.no),
     as.integer(nrow(x.linear)), subset.index, linpen.index, as.double(D),
     as.double(weights), res = double(componentwise.no), DUP = FALSE)
     .C("get_min_score_dev_gaussian_index", x.linear, as.integer(length(y)),
     as.integer(componentwise.no), as.integer(nrow(x.linear)),
     subset.index, linpen.index, as.double(y), as.double(actual.mu),
     as.double(actual.eta), as.double(D), as.double(weights),
     double(length(y)), as.double(fstruct$penalty.linear[linear.is.penalized]),
     pre.sum, index = integer(1), score = double(componentwise.no),
     dev = double(1), DUP = FALSE)
     .C("get_min_score_dev_general_index", x.linear, as.integer(length(y)),
     as.integer(componentwise.no), as.integer(nrow(x.linear)),
     subset.index, linpen.index, as.double(y), as.double(actual.mu),
     as.double(actual.eta), as.double(D), as.double(weights),
     double(length(y)), as.double(fstruct$penalty.linear[linear.is.penalized]),
     double(componentwise.no), index = integer(1), score = double(componentwise.no),
     beta.delta = double(1), DUP = FALSE)
    DUP = FALSE is deprecated and may be disabled in future versions of R.
Flavors: r-release-linux-ix86, r-release-linux-x86_64, r-release-osx-x86_64-mavericks, r-release-windows-ix86+x86_64