CRAN Package Check Results for Package FME

Last updated on 2014-10-02 01:48:16.

Flavor Version Tinstall Tcheck Ttotal Status Flags
r-devel-linux-x86_64-debian-clang 1.3.1 1.55 190.69 192.24 NOTE
r-devel-linux-x86_64-debian-gcc 1.3.1 1.66 190.98 192.65 NOTE
r-devel-linux-x86_64-fedora-clang 1.3.1 403.21 NOTE
r-devel-linux-x86_64-fedora-gcc 1.3.1 423.91 NOTE
r-devel-osx-x86_64-clang 1.3.1 298.44 NOTE
r-devel-windows-ix86+x86_64 1.3.1 8.00 292.00 300.00 NOTE
r-patched-linux-x86_64 1.3.1 1.69 226.87 228.56 NOTE
r-patched-solaris-sparc 1.3.1 2326.90 NOTE
r-patched-solaris-x86 1.3.1 414.30 NOTE
r-release-linux-ix86 1.3.1 2.28 235.22 237.49 NOTE
r-release-linux-x86_64 1.3.1 1.61 214.30 215.91 NOTE
r-release-osx-x86_64-mavericks 1.3.1 NOTE
r-release-osx-x86_64-snowleopard 1.3.1 NOTE
r-release-windows-ix86+x86_64 1.3.1 8.00 339.00 347.00 NOTE
r-oldrel-windows-ix86+x86_64 1.3.1 9.00 320.00 329.00 NOTE

Check Details

Version: 1.3.1
Check: dependencies in R code
Result: NOTE
    Packages in Depends field not imported from:
     ‘MASS’ ‘coda’ ‘deSolve’ ‘minpack.lm’ ‘rootSolve’
     These packages need to be imported from (in the NAMESPACE file)
     for when this namespace is loaded but not attached.
    See the information on DESCRIPTION files in the chapter ‘Creating R
    packages’ of the ‘Writing R Extensions’ manual.
Flavors: r-devel-linux-x86_64-debian-clang, r-devel-linux-x86_64-debian-gcc, r-devel-linux-x86_64-fedora-clang, r-devel-linux-x86_64-fedora-gcc, r-devel-osx-x86_64-clang, r-devel-windows-ix86+x86_64, r-patched-linux-x86_64, r-patched-solaris-sparc, r-patched-solaris-x86, r-release-linux-ix86, r-release-linux-x86_64, r-release-osx-x86_64-mavericks, r-release-windows-ix86+x86_64, r-oldrel-windows-ix86+x86_64

Version: 1.3.1
Check: R code for possible problems
Result: NOTE
    cumuplot.modMCMC: no visible global function definition for ‘cumuplot’
    cumuplot.modMCMC: no visible global function definition for ‘as.mcmc’
    modFit: no visible global function definition for ‘nls.lm.control’
    modFit: no visible global function definition for ‘nls.lm’
    modFit: no visible global function definition for ‘gradient’
    modMCMC: no visible global function definition for ‘ginv’
Flavors: r-devel-linux-x86_64-debian-clang, r-devel-linux-x86_64-debian-gcc, r-devel-linux-x86_64-fedora-clang, r-devel-linux-x86_64-fedora-gcc, r-devel-osx-x86_64-clang, r-devel-windows-ix86+x86_64

Version: 1.3.1
Check: dependencies in R code
Result: NOTE
    Packages in Depends field not imported from:
     ‘MASS’ ‘coda’ ‘deSolve’ ‘minpack.lm’ ‘rootSolve’
     These packages need to be imported from for the case when
     this namespace is loaded but not attached.
    See the information on DESCRIPTION files in the chapter ‘Creating R
    packages’ of the ‘Writing R Extensions’ manual.
Flavor: r-release-osx-x86_64-snowleopard