Last updated on 2014-10-02 01:48:16.
Flavor | Version | Tinstall | Tcheck | Ttotal | Status | Flags |
---|---|---|---|---|---|---|
r-devel-linux-x86_64-debian-clang | 2.0-12 | 1.62 | 33.23 | 34.86 | NOTE | |
r-devel-linux-x86_64-debian-gcc | 2.0-12 | 1.45 | 32.34 | 33.79 | NOTE | |
r-devel-linux-x86_64-fedora-clang | 2.0-12 | 65.67 | NOTE | |||
r-devel-linux-x86_64-fedora-gcc | 2.0-12 | 72.64 | NOTE | |||
r-devel-osx-x86_64-clang | 2.0-12 | 52.68 | NOTE | |||
r-devel-windows-ix86+x86_64 | 2.0-12 | 6.00 | 55.00 | 61.00 | OK | |
r-patched-linux-x86_64 | 2.0-12 | 1.58 | 32.49 | 34.07 | NOTE | |
r-patched-solaris-sparc | 2.0-12 | 392.70 | NOTE | |||
r-patched-solaris-x86 | 2.0-12 | 73.90 | NOTE | |||
r-release-linux-ix86 | 2.0-12 | 2.02 | 37.87 | 39.90 | OK | |
r-release-linux-x86_64 | 2.0-12 | 1.54 | 32.86 | 34.40 | OK | |
r-release-osx-x86_64-mavericks | 2.0-12 | OK | ||||
r-release-osx-x86_64-snowleopard | 2.0-12 | OK | ||||
r-release-windows-ix86+x86_64 | 2.0-12 | 10.00 | 54.00 | 64.00 | OK | |
r-oldrel-windows-ix86+x86_64 | 2.0-12 | 8.00 | 59.00 | 67.00 | OK |
Version: 2.0-12
Check: DESCRIPTION meta-information
Result: NOTE
Deprecated license: CC BY-NC-SA 3.0
Flavors: r-devel-linux-x86_64-debian-clang, r-devel-linux-x86_64-debian-gcc, r-devel-linux-x86_64-fedora-clang, r-devel-linux-x86_64-fedora-gcc, r-devel-osx-x86_64-clang, r-patched-linux-x86_64, r-patched-solaris-sparc, r-patched-solaris-x86