Last updated on 2014-10-02 01:48:16.
Flavor | Version | Tinstall | Tcheck | Ttotal | Status | Flags |
---|---|---|---|---|---|---|
r-devel-linux-x86_64-debian-clang | 0.0-5 | 4.32 | 123.69 | 128.00 | NOTE | |
r-devel-linux-x86_64-debian-gcc | 0.0-5 | 4.04 | 119.48 | 123.52 | NOTE | |
r-devel-linux-x86_64-fedora-clang | 0.0-5 | 295.75 | NOTE | |||
r-devel-linux-x86_64-fedora-gcc | 0.0-5 | 345.01 | NOTE | |||
r-devel-osx-x86_64-clang | 0.0-5 | 227.13 | NOTE | |||
r-devel-windows-ix86+x86_64 | 0.0-5 | 12.00 | 167.00 | 179.00 | NOTE | |
r-patched-linux-x86_64 | 0.0-5 | 5.09 | 130.08 | 135.18 | NOTE | |
r-patched-solaris-sparc | 0.0-5 | 1945.10 | NOTE | |||
r-patched-solaris-x86 | 0.0-5 | 361.20 | NOTE | |||
r-release-linux-ix86 | 0.0-5 | 5.44 | 156.46 | 161.90 | NOTE | |
r-release-linux-x86_64 | 0.0-5 | 4.30 | 131.38 | 135.68 | NOTE | |
r-release-osx-x86_64-mavericks | 0.0-5 | NOTE | ||||
r-release-osx-x86_64-snowleopard | 0.0-5 | NOTE | ||||
r-release-windows-ix86+x86_64 | 0.0-5 | 12.00 | 186.00 | 198.00 | NOTE | |
r-oldrel-windows-ix86+x86_64 | 0.0-5 | 11.00 | 178.00 | 189.00 | NOTE |
Version: 0.0-5
Check: dependencies in R code
Result: NOTE
Unexported objects imported by ':::' calls:
‘mboost:::Complete.cases’ ‘mboost:::bl_lin’ ‘mboost:::bsplines’
‘mboost:::cbs’ ‘mboost:::df2lambda’ ‘mboost:::get_index’
‘mboost:::hyper_bbs’ ‘mboost:::isMATRIX’
See the note in ?`:::` about the use of this operator.
See the information on DESCRIPTION files in the chapter ‘Creating R
packages’ of the ‘Writing R Extensions’ manual.
Flavors: r-devel-linux-x86_64-debian-clang, r-devel-linux-x86_64-debian-gcc, r-devel-linux-x86_64-fedora-clang, r-devel-linux-x86_64-fedora-gcc, r-devel-osx-x86_64-clang, r-devel-windows-ix86+x86_64, r-patched-linux-x86_64, r-patched-solaris-sparc, r-patched-solaris-x86, r-release-linux-ix86, r-release-linux-x86_64, r-release-osx-x86_64-mavericks, r-release-osx-x86_64-snowleopard, r-release-windows-ix86+x86_64, r-oldrel-windows-ix86+x86_64
Version: 0.0-5
Check: R code for possible problems
Result: NOTE
validateFDboost : dummyfct: no visible global function definition for
‘mclapply’
validateFDboost: no visible global function definition for ‘mclapply’
Flavors: r-devel-linux-x86_64-debian-clang, r-devel-linux-x86_64-debian-gcc, r-devel-linux-x86_64-fedora-clang, r-devel-linux-x86_64-fedora-gcc, r-devel-osx-x86_64-clang, r-devel-windows-ix86+x86_64
Version: 0.0-5
Check: re-building of vignette outputs
Result: NOTE
Error in re-building vignettes:
...
suffix '.spam' to the function name, e.g. 'help( chol.spam)'.
Attaching package: ‘spam’
The following objects are masked from ‘package:base’:
backsolve, forwardsolve
Loading required package: maps
Note: method with signature ‘ddenseMatrix#dsparseMatrix’ chosen for function ‘crossprod’,
target signature ‘Cholesky#dgTMatrix’.
"Matrix#TsparseMatrix" would also be valid
Loading required package: mapdata
Error in texi2dvi(file = file, pdf = TRUE, clean = clean, quiet = quiet, :
Running 'texi2dvi' on 'FLAM_canada.tex' failed.
LaTeX errors:
! LaTeX Error: File `relsize.sty' not found.
Type X to quit or <RETURN> to proceed,
or enter new name. (Default extension: sty)
_test/FDboost/vignettes/FLAM_canada.tex:32: ==> Fatal error occurred, no outpu
t PDF file produced!
Calls: buildVignettes -> texi2pdf -> texi2dvi
Execution halted
Flavor: r-release-osx-x86_64-mavericks