Last updated on 2014-10-02 01:48:15.
Flavor | Version | Tinstall | Tcheck | Ttotal | Status | Flags |
---|---|---|---|---|---|---|
r-devel-linux-x86_64-debian-clang | 2.8.19 | 1.20 | 17.04 | 18.23 | NOTE | |
r-devel-linux-x86_64-debian-gcc | 2.8.19 | 1.16 | 17.10 | 18.26 | NOTE | |
r-devel-linux-x86_64-fedora-clang | 2.8.19 | 35.08 | NOTE | |||
r-devel-linux-x86_64-fedora-gcc | 2.8.19 | 39.54 | NOTE | |||
r-devel-osx-x86_64-clang | 2.8.19 | 35.56 | NOTE | |||
r-devel-windows-ix86+x86_64 | 2.8.19 | 6.00 | 27.00 | 33.00 | NOTE | |
r-patched-linux-x86_64 | 2.8.19 | 1.22 | 17.84 | 19.06 | NOTE | |
r-patched-solaris-sparc | 2.8.19 | 232.30 | NOTE | |||
r-patched-solaris-x86 | 2.8.19 | 47.60 | NOTE | |||
r-release-linux-ix86 | 2.8.19 | 1.61 | 23.28 | 24.89 | NOTE | |
r-release-linux-x86_64 | 2.8.19 | 1.20 | 16.72 | 17.92 | NOTE | |
r-release-osx-x86_64-mavericks | 2.8.19 | NOTE | ||||
r-release-osx-x86_64-snowleopard | 2.8.19 | OK | ||||
r-release-windows-ix86+x86_64 | 2.8.19 | 6.00 | 27.00 | 33.00 | NOTE | |
r-oldrel-windows-ix86+x86_64 | 2.8.19 | 4.00 | 28.00 | 32.00 | NOTE |
Version: 2.8.19
Check: dependencies in R code
Result: NOTE
Package in Depends field not imported from: ‘prettyGraphs’
These packages need to be imported from (in the NAMESPACE file)
for when this namespace is loaded but not attached.
See the information on DESCRIPTION files in the chapter ‘Creating R
packages’ of the ‘Writing R Extensions’ manual.
Flavors: r-devel-linux-x86_64-debian-clang, r-devel-linux-x86_64-debian-gcc, r-devel-linux-x86_64-fedora-clang, r-devel-linux-x86_64-fedora-gcc, r-devel-osx-x86_64-clang, r-devel-windows-ix86+x86_64, r-patched-linux-x86_64, r-patched-solaris-sparc, r-patched-solaris-x86, r-release-linux-ix86, r-release-linux-x86_64, r-release-osx-x86_64-mavericks, r-release-windows-ix86+x86_64, r-oldrel-windows-ix86+x86_64
Version: 2.8.19
Check: R code for possible problems
Result: NOTE
computeConstraints: no visible global function definition for
‘minmaxHelper’
coreCA: no visible global function definition for ‘repmat’
coreMDS: no visible global function definition for ‘repmat’
corePCA: no visible global function definition for ‘repmat’
epGraphs: no visible global function definition for
‘createColorVectorsByDesign’
epGraphs: no visible global function definition for ‘prettyPlot’
epGraphs: no visible global function definition for ‘contributionBars’
makeNominalData: no visible global function definition for ‘repmat’
mca.eigen.fix: no visible global function definition for ‘repmat’
pcaSupplementaryColsPreProcessing: no visible global function
definition for ‘repmat’
pcaSupplementaryRowsPreProcessing: no visible global function
definition for ‘repmat’
rowNorms: no visible global function definition for ‘repmat’
supplementalProjection: no visible global function definition for
‘repmat’
Flavors: r-devel-linux-x86_64-debian-clang, r-devel-linux-x86_64-debian-gcc, r-devel-linux-x86_64-fedora-clang, r-devel-linux-x86_64-fedora-gcc, r-devel-osx-x86_64-clang, r-devel-windows-ix86+x86_64