Last updated on 2014-10-02 01:48:15.
Flavor | Version | Tinstall | Tcheck | Ttotal | Status | Flags |
---|---|---|---|---|---|---|
r-devel-linux-x86_64-debian-clang | 1.0.2 | 10.79 | 275.38 | 286.18 | NOTE | |
r-devel-linux-x86_64-debian-gcc | 1.0.2 | 10.25 | 260.66 | 270.92 | NOTE | |
r-devel-linux-x86_64-fedora-clang | 1.0.2 | 680.76 | NOTE | |||
r-devel-linux-x86_64-fedora-gcc | 1.0.2 | 745.60 | NOTE | |||
r-devel-osx-x86_64-clang | 1.0.2 | 368.69 | NOTE | |||
r-devel-windows-ix86+x86_64 | 1.0.2 | 26.00 | 326.00 | 352.00 | NOTE | |
r-patched-linux-x86_64 | 1.0.2 | 10.51 | 288.08 | 298.58 | NOTE | |
r-patched-solaris-sparc | 1.0.2 | 2843.70 | NOTE | |||
r-patched-solaris-x86 | 1.0.2 | 556.10 | NOTE | |||
r-release-linux-ix86 | 1.0.2 | 13.24 | 276.45 | 289.69 | NOTE | |
r-release-linux-x86_64 | 1.0.2 | 10.86 | 280.81 | 291.68 | NOTE | |
r-release-osx-x86_64-mavericks | 1.0.2 | NOTE | ||||
r-release-osx-x86_64-snowleopard | 1.0.2 | NOTE | ||||
r-release-windows-ix86+x86_64 | 1.0.2 | 25.00 | 352.00 | 377.00 | NOTE | |
r-oldrel-windows-ix86+x86_64 | 1.0.2 | 29.00 | 346.00 | 375.00 | NOTE |
Version: 1.0.2
Check: installed package size
Result: NOTE
installed size is 7.4Mb
sub-directories of 1Mb or more:
doc 3.0Mb
help 3.1Mb
Flavors: r-devel-linux-x86_64-debian-clang, r-devel-linux-x86_64-debian-gcc, r-devel-linux-x86_64-fedora-clang, r-devel-linux-x86_64-fedora-gcc, r-devel-osx-x86_64-clang, r-devel-windows-ix86+x86_64, r-patched-linux-x86_64, r-patched-solaris-sparc, r-patched-solaris-x86, r-release-linux-ix86, r-release-linux-x86_64, r-release-osx-x86_64-mavericks, r-release-osx-x86_64-snowleopard, r-release-windows-ix86+x86_64, r-oldrel-windows-ix86+x86_64
Version: 1.0.2
Check: R code for possible problems
Result: NOTE
cdfCompare: no visible binding for global variable ‘Distribution.df’
cdfPlot: no visible binding for global variable ‘Distribution.df’
check.distribution.args: no visible binding for global variable
‘Distribution.df’
check.distribution.args.simulate: no visible binding for global
variable ‘Distribution.df’
chisqGofTest: no visible binding for global variable ‘Distribution.df’
gofTest.default: no visible binding for global variable
‘Distribution.df’
ksGofTest: no visible binding for global variable ‘Distribution.df’
pdfPlot: no visible binding for global variable ‘Distribution.df’
ppccGeneralGofTest: no visible binding for global variable
‘Distribution.df’
qqPlot: no visible binding for global variable ‘Distribution.df’
qqPlotGestalt: no visible binding for global variable ‘Distribution.df’
sfGeneralGofTest: no visible binding for global variable
‘Distribution.df’
simulateMvMatrix: no visible binding for global variable
‘Distribution.df’
simulateVector: no visible binding for global variable
‘Distribution.df’
swGeneralGofTest: no visible binding for global variable
‘Distribution.df’
Flavors: r-devel-linux-x86_64-debian-clang, r-devel-linux-x86_64-debian-gcc, r-devel-linux-x86_64-fedora-clang, r-devel-linux-x86_64-fedora-gcc, r-devel-osx-x86_64-clang, r-devel-windows-ix86+x86_64