CRAN Package Check Results for Package EVER

Last updated on 2014-10-02 01:48:15.

Flavor Version Tinstall Tcheck Ttotal Status Flags
r-devel-linux-x86_64-debian-clang 1.2 0.81 33.66 34.47 NOTE
r-devel-linux-x86_64-debian-gcc 1.2 0.81 31.88 32.68 NOTE
r-devel-linux-x86_64-fedora-clang 1.2 69.54 NOTE
r-devel-linux-x86_64-fedora-gcc 1.2 73.84 NOTE
r-devel-osx-x86_64-clang 1.2 57.43 NOTE
r-devel-windows-ix86+x86_64 1.2 3.00 50.00 53.00 NOTE
r-patched-linux-x86_64 1.2 0.85 35.75 36.60 NOTE
r-patched-solaris-sparc 1.2 460.50 NOTE
r-patched-solaris-x86 1.2 92.00 NOTE
r-release-linux-ix86 1.2 1.13 45.35 46.48 NOTE
r-release-linux-x86_64 1.2 0.81 35.68 36.49 NOTE
r-release-osx-x86_64-mavericks 1.2 NOTE
r-release-windows-ix86+x86_64 1.2 3.00 56.00 59.00 NOTE
r-oldrel-windows-ix86+x86_64 1.2 3.00 58.00 61.00 NOTE

Check Details

Version: 1.2
Check: R code for possible problems
Result: NOTE
    Package: EVER
    Type: Package
    Title: Estimation of Variance by Efficient Replication
    Description: Delete-A-Group Jackknife replication. Calibration of
     replicate weights. Estimates, standard errors and confidence
     intervals for: totals, means, absolute and relative frequency
     distributions, contingency tables, ratios, quantiles and
     regression coefficients. Estimates, standard errors and
     confidence intervals for user-defined estimators (even
     non-analytic). Domain (subpopulation) estimation.
    Version: 1.2
    Author: Diego Zardetto
    Maintainer: Diego Zardetto <zardetto@istat.it>
    License: EUPL
    Depends: R (>= 2.5.1)
    Suggests: MASS
    Packaged: 2013-03-14 07:10:26 UTC; ripley
    Repository: CRAN
    Date/Publication: 2013-03-14 08:23:34
    NeedsCompilation: no
    License_is_FOSS: yes
    Built: R 3.2.0; ; 2014-10-01 11:45:20 UTC; unix
    kottcalibrate : upd.kottcal.status: no visible binding for global
     variable ‘kottcal.status’
    kottcalibrate : upd.kottcal.status: no visible binding for '<<-'
     assignment to ‘kottcal.status’
    z.grake: no visible global function definition for ‘ginv’
    
    Found the following assignments to the global environment:
    File ‘EVER/R/kottcalibrate.R’:
     assign("kottcal.status", list(call = sys.call(-1), return.code = ret.cod),
     envir = .GlobalEnv)
Flavor: r-devel-linux-x86_64-debian-clang

Version: 1.2
Check: R code for possible problems
Result: NOTE
    Package: EVER
    Type: Package
    Title: Estimation of Variance by Efficient Replication
    Description: Delete-A-Group Jackknife replication. Calibration of
     replicate weights. Estimates, standard errors and confidence
     intervals for: totals, means, absolute and relative frequency
     distributions, contingency tables, ratios, quantiles and
     regression coefficients. Estimates, standard errors and
     confidence intervals for user-defined estimators (even
     non-analytic). Domain (subpopulation) estimation.
    Version: 1.2
    Author: Diego Zardetto
    Maintainer: Diego Zardetto <zardetto@istat.it>
    License: EUPL
    Depends: R (>= 2.5.1)
    Suggests: MASS
    Packaged: 2013-03-14 07:10:26 UTC; ripley
    Repository: CRAN
    Date/Publication: 2013-03-14 08:23:34
    NeedsCompilation: no
    License_is_FOSS: yes
    Built: R 3.2.0; ; 2014-09-30 19:46:49 UTC; unix
    kottcalibrate : upd.kottcal.status: no visible binding for global
     variable ‘kottcal.status’
    kottcalibrate : upd.kottcal.status: no visible binding for '<<-'
     assignment to ‘kottcal.status’
    z.grake: no visible global function definition for ‘ginv’
    
    Found the following assignments to the global environment:
    File ‘EVER/R/kottcalibrate.R’:
     assign("kottcal.status", list(call = sys.call(-1), return.code = ret.cod),
     envir = .GlobalEnv)
Flavor: r-devel-linux-x86_64-debian-gcc

Version: 1.2
Check: R code for possible problems
Result: NOTE
    Package: EVER
    Type: Package
    Title: Estimation of Variance by Efficient Replication
    Description: Delete-A-Group Jackknife replication. Calibration of
     replicate weights. Estimates, standard errors and confidence
     intervals for: totals, means, absolute and relative frequency
     distributions, contingency tables, ratios, quantiles and
     regression coefficients. Estimates, standard errors and
     confidence intervals for user-defined estimators (even
     non-analytic). Domain (subpopulation) estimation.
    Version: 1.2
    Author: Diego Zardetto
    Maintainer: Diego Zardetto <zardetto@istat.it>
    License: EUPL
    Depends: R (>= 2.5.1)
    Suggests: MASS
    Packaged: 2013-03-14 07:10:26 UTC; ripley
    Repository: CRAN
    Date/Publication: 2013-03-14 08:23:34
    NeedsCompilation: no
    License_is_FOSS: yes
    Built: R 3.2.0; ; 2014-09-26 09:02:22 UTC; unix
    kottcalibrate : upd.kottcal.status: no visible binding for global
     variable ‘kottcal.status’
    kottcalibrate : upd.kottcal.status: no visible binding for '<<-'
     assignment to ‘kottcal.status’
    z.grake: no visible global function definition for ‘ginv’
    
    Found the following assignments to the global environment:
    File ‘EVER/R/kottcalibrate.R’:
     assign("kottcal.status", list(call = sys.call(-1), return.code = ret.cod),
     envir = .GlobalEnv)
Flavor: r-devel-linux-x86_64-fedora-clang

Version: 1.2
Check: R code for possible problems
Result: NOTE
    Package: EVER
    Type: Package
    Title: Estimation of Variance by Efficient Replication
    Description: Delete-A-Group Jackknife replication. Calibration of
     replicate weights. Estimates, standard errors and confidence
     intervals for: totals, means, absolute and relative frequency
     distributions, contingency tables, ratios, quantiles and
     regression coefficients. Estimates, standard errors and
     confidence intervals for user-defined estimators (even
     non-analytic). Domain (subpopulation) estimation.
    Version: 1.2
    Author: Diego Zardetto
    Maintainer: Diego Zardetto <zardetto@istat.it>
    License: EUPL
    Depends: R (>= 2.5.1)
    Suggests: MASS
    Packaged: 2013-03-14 07:10:26 UTC; ripley
    Repository: CRAN
    Date/Publication: 2013-03-14 08:23:34
    NeedsCompilation: no
    License_is_FOSS: yes
    Built: R 3.2.0; ; 2014-10-01 08:35:11 UTC; unix
    kottcalibrate : upd.kottcal.status: no visible binding for global
     variable ‘kottcal.status’
    kottcalibrate : upd.kottcal.status: no visible binding for '<<-'
     assignment to ‘kottcal.status’
    z.grake: no visible global function definition for ‘ginv’
Flavor: r-devel-linux-x86_64-fedora-gcc

Version: 1.2
Check: R code for possible problems
Result: NOTE
    Package: EVER
    Type: Package
    Title: Estimation of Variance by Efficient Replication
    Description: Delete-A-Group Jackknife replication. Calibration of
     replicate weights. Estimates, standard errors and confidence
     intervals for: totals, means, absolute and relative frequency
     distributions, contingency tables, ratios, quantiles and
     regression coefficients. Estimates, standard errors and
     confidence intervals for user-defined estimators (even
     non-analytic). Domain (subpopulation) estimation.
    Version: 1.2
    Author: Diego Zardetto
    Maintainer: Diego Zardetto <zardetto@istat.it>
    License: EUPL
    Depends: R (>= 2.5.1)
    Suggests: MASS
    Packaged: 2013-03-14 07:10:26 UTC; ripley
    Repository: CRAN
    Date/Publication: 2013-03-14 08:23:34
    NeedsCompilation: no
    License_is_FOSS: yes
    Built: R 3.2.0; ; 2014-09-28 11:48:46 UTC; unix
    kottcalibrate : upd.kottcal.status: no visible binding for global
     variable ‘kottcal.status’
    kottcalibrate : upd.kottcal.status: no visible binding for '<<-'
     assignment to ‘kottcal.status’
    z.grake: no visible global function definition for ‘ginv’
    
    Found the following assignments to the global environment:
    File ‘EVER/R/kottcalibrate.R’:
     assign("kottcal.status", list(call = sys.call(-1), return.code = ret.cod),
     envir = .GlobalEnv)
Flavor: r-devel-osx-x86_64-clang

Version: 1.2
Check: R code for possible problems
Result: NOTE
    Package: EVER
    Type: Package
    Title: Estimation of Variance by Efficient Replication
    Description: Delete-A-Group Jackknife replication. Calibration of
     replicate weights. Estimates, standard errors and confidence
     intervals for: totals, means, absolute and relative frequency
     distributions, contingency tables, ratios, quantiles and
     regression coefficients. Estimates, standard errors and
     confidence intervals for user-defined estimators (even
     non-analytic). Domain (subpopulation) estimation.
    Version: 1.2
    Author: Diego Zardetto
    Maintainer: Diego Zardetto <zardetto@istat.it>
    License: file LICENCE
    Depends: R (>= 2.5.1)
    Suggests: MASS
    Packaged: 2012-04-10 15:51:53 UTC; zardetto
    Repository: CRAN
    Date/Publication: 2012-04-10 18:00:44
    Built: R 3.2.0; ; 2014-10-01 15:51:35 UTC; windows
    kottcalibrate : upd.kottcal.status: no visible binding for global
     variable 'kottcal.status'
    kottcalibrate : upd.kottcal.status: no visible binding for '<<-'
     assignment to 'kottcal.status'
    z.grake: no visible global function definition for 'ginv'
Flavor: r-devel-windows-ix86+x86_64

Version: 1.2
Check: R code for possible problems
Result: NOTE
    kottcalibrate : upd.kottcal.status: no visible binding for global
     variable ‘kottcal.status’
    kottcalibrate : upd.kottcal.status: no visible binding for '<<-'
     assignment to ‘kottcal.status’
    
    Found the following assignments to the global environment:
    File ‘EVER/R/kottcalibrate.R’:
     assign("kottcal.status", list(call = sys.call(-1), return.code = ret.cod),
     envir = .GlobalEnv)
Flavors: r-patched-linux-x86_64, r-release-linux-ix86, r-release-linux-x86_64

Version: 1.2
Check: R code for possible problems
Result: NOTE
    kottcalibrate : upd.kottcal.status: no visible binding for global
     variable ‘kottcal.status’
    kottcalibrate : upd.kottcal.status: no visible binding for '<<-'
     assignment to ‘kottcal.status’
Flavors: r-patched-solaris-sparc, r-patched-solaris-x86, r-release-osx-x86_64-mavericks, r-release-windows-ix86+x86_64, r-oldrel-windows-ix86+x86_64