Last updated on 2014-10-02 01:48:15.
Flavor | Version | Tinstall | Tcheck | Ttotal | Status | Flags |
---|---|---|---|---|---|---|
r-devel-linux-x86_64-debian-clang | 0.1 | 8.16 | 42.01 | 50.16 | NOTE | |
r-devel-linux-x86_64-debian-gcc | 0.1 | 9.49 | 41.60 | 51.09 | NOTE | |
r-devel-linux-x86_64-fedora-clang | 0.1 | 107.64 | NOTE | |||
r-devel-linux-x86_64-fedora-gcc | 0.1 | 115.89 | NOTE | |||
r-devel-osx-x86_64-clang | 0.1 | 94.35 | NOTE | |||
r-devel-windows-ix86+x86_64 | 0.1 | 36.00 | 95.00 | 131.00 | NOTE | |
r-patched-linux-x86_64 | 0.1 | 9.89 | 45.36 | 55.25 | OK | |
r-patched-solaris-sparc | 0.1 | 614.40 | OK | |||
r-patched-solaris-x86 | 0.1 | 142.10 | OK | |||
r-release-linux-ix86 | 0.1 | 12.34 | 56.37 | 68.71 | OK | |
r-release-linux-x86_64 | 0.1 | 9.90 | 47.54 | 57.44 | OK | |
r-release-osx-x86_64-mavericks | 0.1 | OK | ||||
r-release-osx-x86_64-snowleopard | 0.1 | OK | ||||
r-release-windows-ix86+x86_64 | 0.1 | 31.00 | 107.00 | 138.00 | OK | |
r-oldrel-windows-ix86+x86_64 | 0.1 | 32.00 | 115.00 | 147.00 | OK |
Version: 0.1
Check: R code for possible problems
Result: NOTE
Warning in initDefaultClusterOptions(libname) :
NAs introduced by coercion
esgplotshocks: no visible global function definition for ‘geom_point’
esgplotshocks: no visible global function definition for ‘aes’
esgplotshocks: no visible global function definition for ‘theme’
esgplotshocks: no visible global function definition for
‘element_blank’
esgplotshocks: no visible global function definition for
‘scale_color_manual’
esgplotshocks: no visible global function definition for ‘geom_density’
esgplotshocks: no visible global function definition for
‘scale_fill_manual’
esgplotshocks: no visible global function definition for ‘coord_flip’
esgplotts: no visible global function definition for ‘xlab’
esgplotts: no visible global function definition for ‘ylab’
esgplotts: no visible global function definition for ‘theme’
Flavors: r-devel-linux-x86_64-debian-clang, r-devel-linux-x86_64-debian-gcc, r-devel-osx-x86_64-clang, r-devel-windows-ix86+x86_64
Version: 0.1
Check: R code for possible problems
Result: NOTE
esgplotshocks: no visible global function definition for ‘geom_point’
esgplotshocks: no visible global function definition for ‘aes’
esgplotshocks: no visible global function definition for ‘theme’
esgplotshocks: no visible global function definition for
‘element_blank’
esgplotshocks: no visible global function definition for
‘scale_color_manual’
esgplotshocks: no visible global function definition for ‘geom_density’
esgplotshocks: no visible global function definition for
‘scale_fill_manual’
esgplotshocks: no visible global function definition for ‘coord_flip’
esgplotts: no visible global function definition for ‘xlab’
esgplotts: no visible global function definition for ‘ylab’
esgplotts: no visible global function definition for ‘theme’
Flavors: r-devel-linux-x86_64-fedora-clang, r-devel-linux-x86_64-fedora-gcc