CRAN Package Check Results for Package EMMIXuskew

Last updated on 2014-10-02 01:48:15.

Flavor Version Tinstall Tcheck Ttotal Status Flags
r-devel-linux-x86_64-debian-clang 0.11-6 2.38 28.22 30.61 NOTE
r-devel-linux-x86_64-debian-gcc 0.11-6 2.78 27.39 30.16 NOTE
r-devel-linux-x86_64-fedora-clang 0.11-6 57.62 NOTE
r-devel-linux-x86_64-fedora-gcc 0.11-6 60.58 NOTE
r-devel-osx-x86_64-clang 0.11-6 50.73 NOTE
r-devel-windows-ix86+x86_64 0.11-6 9.00 54.00 63.00 NOTE
r-patched-linux-x86_64 0.11-6 2.38 29.04 31.42 OK
r-patched-solaris-sparc 0.11-6 321.20 OK
r-patched-solaris-x86 0.11-6 72.90 OK
r-release-linux-ix86 0.11-6 3.16 37.87 41.02 OK
r-release-linux-x86_64 0.11-6 2.22 28.64 30.86 OK
r-release-osx-x86_64-mavericks 0.11-6 OK
r-release-osx-x86_64-snowleopard 0.11-6 OK
r-release-windows-ix86+x86_64 0.11-6 9.00 60.00 69.00 OK
r-oldrel-windows-ix86+x86_64 0.11-6 9.00 59.00 68.00 OK

Check Details

Version: 0.11-6
Check: R code for possible problems
Result: NOTE
    drawScene.rgl: no visible global function definition for ‘rgl.cur’
    drawScene.rgl: no visible global function definition for ‘open3d’
    drawScene.rgl: no visible global function definition for ‘clear3d’
    drawScene.rgl: no visible global function definition for ‘triangles3d’
    fmmst.contour.3d: no visible global function definition for ‘plot3d’
    fmmst.contour.3d: no visible global function definition for ‘points3d’
Flavors: r-devel-linux-x86_64-debian-clang, r-devel-linux-x86_64-debian-gcc, r-devel-linux-x86_64-fedora-clang, r-devel-linux-x86_64-fedora-gcc, r-devel-osx-x86_64-clang, r-devel-windows-ix86+x86_64