Last updated on 2014-10-02 01:48:15.
Flavor | Version | Tinstall | Tcheck | Ttotal | Status | Flags |
---|---|---|---|---|---|---|
r-devel-linux-x86_64-debian-clang | 0.9.1 | 0.87 | 25.08 | 25.95 | NOTE | |
r-devel-linux-x86_64-debian-gcc | 0.9.1 | 1.10 | 25.11 | 26.21 | NOTE | |
r-devel-linux-x86_64-fedora-clang | 0.9.1 | 53.63 | NOTE | |||
r-devel-linux-x86_64-fedora-gcc | 0.9.1 | 55.01 | NOTE | |||
r-devel-osx-x86_64-clang | 0.9.1 | 46.43 | NOTE | |||
r-devel-windows-ix86+x86_64 | 0.9.1 | 4.00 | 38.00 | 42.00 | NOTE | |
r-patched-linux-x86_64 | 0.9.1 | 0.93 | 26.88 | 27.81 | NOTE | |
r-patched-solaris-sparc | 0.9.1 | 307.20 | NOTE | |||
r-patched-solaris-x86 | 0.9.1 | 65.50 | NOTE | |||
r-release-linux-ix86 | 0.9.1 | 1.34 | 35.29 | 36.64 | NOTE | |
r-release-linux-x86_64 | 0.9.1 | 0.89 | 26.74 | 27.62 | NOTE | |
r-release-osx-x86_64-mavericks | 0.9.1 | NOTE | ||||
r-release-windows-ix86+x86_64 | 0.9.1 | 4.00 | 46.00 | 50.00 | NOTE | |
r-oldrel-windows-ix86+x86_64 | 0.9.1 | 5.00 | 44.00 | 49.00 | NOTE |
Version: 0.9.1
Check: dependencies in R code
Result: NOTE
Packages in Depends field not imported from:
‘GPArotation’ ‘limSolve’ ‘shape’
These packages need to be imported from (in the NAMESPACE file)
for when this namespace is loaded but not attached.
See the information on DESCRIPTION files in the chapter ‘Creating R
packages’ of the ‘Writing R Extensions’ manual.
Flavors: r-devel-linux-x86_64-debian-clang, r-devel-linux-x86_64-debian-gcc, r-devel-linux-x86_64-fedora-clang, r-devel-linux-x86_64-fedora-gcc, r-devel-osx-x86_64-clang, r-devel-windows-ix86+x86_64, r-patched-linux-x86_64, r-patched-solaris-sparc, r-patched-solaris-x86, r-release-linux-ix86, r-release-linux-x86_64, r-release-osx-x86_64-mavericks, r-release-windows-ix86+x86_64, r-oldrel-windows-ix86+x86_64
Version: 0.9.1
Check: R code for possible problems
Result: NOTE
EMMA: no visible global function definition for ‘nnls’
check.data: no visible global function definition for ‘filledcircle’
check.data: no visible global function definition for ‘plotcircle’
Flavors: r-devel-linux-x86_64-debian-clang, r-devel-linux-x86_64-debian-gcc, r-devel-linux-x86_64-fedora-clang, r-devel-linux-x86_64-fedora-gcc, r-devel-osx-x86_64-clang, r-devel-windows-ix86+x86_64