CRAN Package Check Results for Package EIAdata

Last updated on 2014-10-02 01:48:15.

Flavor Version Tinstall Tcheck Ttotal Status Flags
r-devel-linux-x86_64-debian-clang 0.0.1 1.50 21.19 22.69 NOTE
r-devel-linux-x86_64-debian-gcc 0.0.1 1.45 20.82 22.26 NOTE
r-devel-linux-x86_64-fedora-clang 0.0.1 47.64 NOTE
r-devel-linux-x86_64-fedora-gcc 0.0.1 54.85 NOTE
r-devel-osx-x86_64-clang 0.0.1 43.10 NOTE
r-devel-windows-ix86+x86_64 0.0.1 5.00 34.00 39.00 NOTE
r-patched-linux-x86_64 0.0.1 1.58 21.67 23.26 OK
r-patched-solaris-sparc 0.0.1 266.40 OK
r-patched-solaris-x86 0.0.1 65.30 OK
r-release-linux-ix86 0.0.1 2.13 28.76 30.88 OK
r-release-linux-x86_64 0.0.1 1.64 21.63 23.27 OK
r-release-osx-x86_64-mavericks 0.0.1 OK
r-release-osx-x86_64-snowleopard 0.0.1 OK
r-release-windows-ix86+x86_64 0.0.1 6.00 36.00 42.00 OK
r-oldrel-windows-ix86+x86_64 0.0.1 6.00 32.00 38.00 OK

Check Details

Version: 0.0.1
Check: R code for possible problems
Result: NOTE
    .getAnnEIA: no visible global function definition for ‘getNodeSet’
    .getMonEIA: no visible global function definition for ‘getNodeSet’
    .getQEIA: no visible global function definition for ‘getNodeSet’
    .getWDEIA: no visible global function definition for ‘getNodeSet’
    getCatEIA: no visible global function definition for ‘getNodeSet’
Flavors: r-devel-linux-x86_64-debian-clang, r-devel-linux-x86_64-debian-gcc, r-devel-linux-x86_64-fedora-clang, r-devel-linux-x86_64-fedora-gcc, r-devel-osx-x86_64-clang, r-devel-windows-ix86+x86_64