CRAN Package Check Results for Package DistatisR

Last updated on 2014-10-02 01:48:14.

Flavor Version Tinstall Tcheck Ttotal Status Flags
r-devel-linux-x86_64-debian-clang 1.0 0.92 18.48 19.40 NOTE
r-devel-linux-x86_64-debian-gcc 1.0 0.92 17.96 18.88 NOTE
r-devel-linux-x86_64-fedora-clang 1.0 40.37 NOTE
r-devel-linux-x86_64-fedora-gcc 1.0 44.72 NOTE
r-devel-osx-x86_64-clang 1.0 39.58 NOTE
r-devel-windows-ix86+x86_64 1.0 3.00 31.00 34.00 NOTE
r-patched-linux-x86_64 1.0 0.92 19.36 20.28 NOTE
r-patched-solaris-sparc 1.0 231.90 NOTE
r-patched-solaris-x86 1.0 52.60 NOTE
r-release-linux-ix86 1.0 1.31 26.83 28.14 NOTE
r-release-linux-x86_64 1.0 0.99 19.96 20.95 NOTE
r-release-osx-x86_64-mavericks 1.0 NOTE
r-release-windows-ix86+x86_64 1.0 4.00 37.00 41.00 NOTE
r-oldrel-windows-ix86+x86_64 1.0 4.00 36.00 40.00 NOTE

Check Details

Version: 1.0
Check: dependencies in R code
Result: NOTE
    Packages in Depends field not imported from:
     ‘car’ ‘prettyGraphs’
     These packages need to be imported from (in the NAMESPACE file)
     for when this namespace is loaded but not attached.
    See the information on DESCRIPTION files in the chapter ‘Creating R
    packages’ of the ‘Writing R Extensions’ manual.
Flavors: r-devel-linux-x86_64-debian-clang, r-devel-linux-x86_64-debian-gcc, r-devel-linux-x86_64-fedora-clang, r-devel-linux-x86_64-fedora-gcc, r-devel-osx-x86_64-clang, r-devel-windows-ix86+x86_64, r-patched-linux-x86_64, r-patched-solaris-sparc, r-patched-solaris-x86, r-release-linux-ix86, r-release-linux-x86_64, r-release-osx-x86_64-mavericks, r-release-windows-ix86+x86_64, r-oldrel-windows-ix86+x86_64

Version: 1.0
Check: R code for possible problems
Result: NOTE
    GraphDistatisAll: no visible global function definition for
     ‘createColorVectorsByDesign’
    GraphDistatisBoot: no visible global function definition for
     ‘createColorVectorsByDesign’
    GraphDistatisBoot: no visible global function definition for
     ‘dataEllipse’
    GraphDistatisBoot: no visible global function definition for
     ‘peeledHull’
    GraphDistatisCompromise: no visible global function definition for
     ‘createColorVectorsByDesign’
    GraphDistatisCompromise: no visible global function definition for
     ‘prettyPlot’
    GraphDistatisPartial: no visible global function definition for
     ‘createColorVectorsByDesign’
    GraphDistatisPartial: no visible global function definition for
     ‘prettyPlot’
    GraphDistatisRv: no visible global function definition for
     ‘createColorVectorsByDesign’
    GraphDistatisRv: no visible global function definition for ‘prettyPlot’
Flavors: r-devel-linux-x86_64-debian-clang, r-devel-linux-x86_64-debian-gcc, r-devel-linux-x86_64-fedora-clang, r-devel-linux-x86_64-fedora-gcc, r-devel-osx-x86_64-clang, r-devel-windows-ix86+x86_64