Last updated on 2014-10-02 01:48:14.
Flavor | Version | Tinstall | Tcheck | Ttotal | Status | Flags |
---|---|---|---|---|---|---|
r-devel-linux-x86_64-debian-clang | 1.5.3 | 2.19 | 26.56 | 28.75 | NOTE | |
r-devel-linux-x86_64-debian-gcc | 1.5.3 | 2.05 | 25.55 | 27.60 | NOTE | |
r-devel-linux-x86_64-fedora-clang | 1.5.3 | 56.35 | NOTE | |||
r-devel-linux-x86_64-fedora-gcc | 1.5.3 | 62.00 | NOTE | |||
r-devel-osx-x86_64-clang | 1.5.3 | 48.71 | NOTE | |||
r-devel-windows-ix86+x86_64 | 1.5.3 | 9.00 | 47.00 | 56.00 | NOTE | |
r-patched-linux-x86_64 | 1.5.3 | 2.19 | 28.02 | 30.21 | OK | |
r-patched-solaris-sparc | 1.5.3 | 324.50 | OK | |||
r-patched-solaris-x86 | 1.5.3 | 73.40 | OK | |||
r-release-linux-ix86 | 1.5.3 | 2.84 | 35.35 | 38.19 | OK | |
r-release-linux-x86_64 | 1.5.3 | 2.42 | 28.17 | 30.60 | OK | |
r-release-osx-x86_64-mavericks | 1.5.3 | OK | ||||
r-release-osx-x86_64-snowleopard | 1.5.3 | OK | ||||
r-release-windows-ix86+x86_64 | 1.5.3 | 9.00 | 56.00 | 65.00 | OK | |
r-oldrel-windows-ix86+x86_64 | 1.5.3 | 9.00 | 53.00 | 62.00 | OK |
Version: 1.5.3
Check: R code for possible problems
Result: NOTE
kmEstimate: no visible binding for global variable ‘genoud’
Flavors: r-devel-linux-x86_64-debian-clang, r-devel-linux-x86_64-debian-gcc, r-devel-linux-x86_64-fedora-clang, r-devel-linux-x86_64-fedora-gcc, r-devel-osx-x86_64-clang, r-devel-windows-ix86+x86_64