Last updated on 2014-10-02 01:48:14.
Flavor | Version | Tinstall | Tcheck | Ttotal | Status | Flags |
---|---|---|---|---|---|---|
r-devel-linux-x86_64-debian-clang | 1.3 | 0.94 | 15.86 | 16.80 | NOTE | |
r-devel-linux-x86_64-debian-gcc | 1.3 | 0.92 | 15.11 | 16.03 | NOTE | |
r-devel-linux-x86_64-fedora-clang | 1.3 | 32.77 | NOTE | |||
r-devel-linux-x86_64-fedora-gcc | 1.3 | 35.95 | NOTE | |||
r-devel-osx-x86_64-clang | 1.3 | 32.16 | NOTE | |||
r-devel-windows-ix86+x86_64 | 1.3 | 3.00 | 26.00 | 29.00 | NOTE | |
r-patched-linux-x86_64 | 1.3 | 0.92 | 16.78 | 17.70 | OK | |
r-patched-solaris-sparc | 1.3 | 188.10 | OK | |||
r-patched-solaris-x86 | 1.3 | 47.00 | OK | |||
r-release-linux-ix86 | 1.3 | 1.38 | 23.02 | 24.39 | OK | |
r-release-linux-x86_64 | 1.3 | 1.02 | 16.47 | 17.49 | OK | |
r-release-osx-x86_64-mavericks | 1.3 | OK | ||||
r-release-osx-x86_64-snowleopard | 1.3 | OK | ||||
r-release-windows-ix86+x86_64 | 1.3 | 4.00 | 26.00 | 30.00 | OK | |
r-oldrel-windows-ix86+x86_64 | 1.3 | 4.00 | 27.00 | 31.00 | OK |
Version: 1.3
Check: R code for possible problems
Result: NOTE
modelFit: no visible global function definition for ‘gam’
modelFit: no visible global function definition for ‘mars’
modelFit: no visible global function definition for ‘polymars’
modelPredict: no visible global function definition for
‘predict.polymars’
Flavors: r-devel-linux-x86_64-debian-clang, r-devel-linux-x86_64-debian-gcc, r-devel-linux-x86_64-fedora-clang, r-devel-linux-x86_64-fedora-gcc, r-devel-osx-x86_64-clang, r-devel-windows-ix86+x86_64