CRAN Package Check Results for Package DepthProc

Last updated on 2014-10-02 01:48:14.

Flavor Version Tinstall Tcheck Ttotal Status Flags
r-devel-linux-x86_64-debian-clang 1.0.1 47.74 46.89 94.62 OK
r-devel-linux-x86_64-debian-gcc 1.0.1 54.32 45.22 99.54 OK
r-devel-linux-x86_64-fedora-clang 1.0.1 215.16 OK
r-devel-linux-x86_64-fedora-gcc 1.0.1 221.52 OK
r-devel-osx-x86_64-clang 1.0.1 125.56 OK
r-devel-windows-ix86+x86_64 1.0.1 136.00 111.00 247.00 OK
r-patched-linux-x86_64 1.0.1 52.52 47.72 100.24 OK
r-patched-solaris-sparc 1.0.1 1060.40 NOTE
r-patched-solaris-x86 1.0.1 308.40 OK
r-release-linux-ix86 1.0.1 65.77 59.10 124.88 OK
r-release-linux-x86_64 1.0.1 52.84 50.08 102.92 OK
r-release-osx-x86_64-mavericks 1.0.1 OK
r-release-osx-x86_64-snowleopard 1.0.1 OK
r-release-windows-ix86+x86_64 1.0.1 153.00 113.00 266.00 OK
r-oldrel-windows-ix86+x86_64 1.0.1 157.00 120.00 277.00 OK

Check Details

Version: 1.0.1
Check: installed package size
Result: NOTE
     installed size is 5.8Mb
     sub-directories of 1Mb or more:
     libs 4.5Mb
Flavor: r-patched-solaris-sparc