Last updated on 2014-10-02 01:48:14.
Flavor | Version | Tinstall | Tcheck | Ttotal | Status | Flags |
---|---|---|---|---|---|---|
r-devel-linux-x86_64-debian-clang | 0.1-2 | 3.92 | 51.61 | 55.53 | NOTE | |
r-devel-linux-x86_64-debian-gcc | 0.1-2 | 3.64 | 51.06 | 54.70 | NOTE | |
r-devel-linux-x86_64-fedora-clang | 0.1-2 | 111.70 | NOTE | |||
r-devel-linux-x86_64-fedora-gcc | 0.1-2 | 117.77 | NOTE | |||
r-devel-osx-x86_64-clang | 0.1-2 | 90.22 | NOTE | |||
r-devel-windows-ix86+x86_64 | 0.1-2 | 16.00 | 85.00 | 101.00 | NOTE | |
r-patched-linux-x86_64 | 0.1-2 | 3.94 | 54.24 | 58.19 | OK | |
r-patched-solaris-sparc | 0.1-2 | 595.30 | OK | |||
r-patched-solaris-x86 | 0.1-2 | 145.50 | OK | |||
r-release-linux-ix86 | 0.1-2 | 4.77 | 64.70 | 69.48 | OK | |
r-release-linux-x86_64 | 0.1-2 | 4.01 | 54.82 | 58.83 | OK | |
r-release-osx-x86_64-mavericks | 0.1-2 | OK | ||||
r-release-osx-x86_64-snowleopard | 0.1-2 | OK | ||||
r-release-windows-ix86+x86_64 | 0.1-2 | 18.00 | 95.00 | 113.00 | OK | |
r-oldrel-windows-ix86+x86_64 | 0.1-2 | 6.00 | 1.00 | 7.00 | ERROR |
Version: 0.1-2
Check: R code for possible problems
Result: NOTE
.makeQuickWordcloud: no visible global function definition for ‘J’
.makeQuickWordcloud: no visible global function definition for ‘.jnull’
.makeTextPlot: no visible global function definition for ‘J’
.makeTextPlot: no visible global function definition for ‘.jnull’
.onLoad: no visible global function definition for ‘.jpackage’
.onLoad: no visible global function definition for ‘.jnew’
.onLoad: no visible global function definition for ‘J’
Flavors: r-devel-linux-x86_64-debian-clang, r-devel-linux-x86_64-debian-gcc, r-devel-linux-x86_64-fedora-clang, r-devel-linux-x86_64-fedora-gcc, r-devel-osx-x86_64-clang, r-devel-windows-ix86+x86_64
Version: 0.1-2
Check: package dependencies
Result: ERROR
Package required and available but unsuitable version: 'tm'
See the information on DESCRIPTION files in the chapter 'Creating R
packages' of the 'Writing R Extensions' manual.
Flavor: r-oldrel-windows-ix86+x86_64