Last updated on 2014-10-02 01:48:15.
Flavor | Version | Tinstall | Tcheck | Ttotal | Status | Flags |
---|---|---|---|---|---|---|
r-devel-linux-x86_64-debian-clang | 1.5 | 2.14 | 35.22 | 37.36 | NOTE | |
r-devel-linux-x86_64-debian-gcc | 1.5 | 1.96 | 35.23 | 37.19 | NOTE | |
r-devel-linux-x86_64-fedora-clang | 1.5 | 76.71 | NOTE | |||
r-devel-linux-x86_64-fedora-gcc | 1.5 | 86.17 | NOTE | |||
r-devel-osx-x86_64-clang | 1.5 | 65.91 | NOTE | |||
r-devel-windows-ix86+x86_64 | 1.5 | 8.00 | 51.00 | 59.00 | NOTE | |
r-patched-linux-x86_64 | 1.5 | 2.01 | 36.58 | 38.59 | OK | |
r-patched-solaris-sparc | 1.5 | 423.70 | OK | |||
r-patched-solaris-x86 | 1.5 | 97.50 | OK | |||
r-release-linux-ix86 | 1.5 | 2.75 | 45.79 | 48.54 | OK | |
r-release-linux-x86_64 | 1.5 | 2.14 | 38.22 | 40.35 | OK | |
r-release-osx-x86_64-mavericks | 1.5 | OK | ||||
r-release-osx-x86_64-snowleopard | 1.5 | OK | ||||
r-release-windows-ix86+x86_64 | 1.5 | 8.00 | 61.00 | 69.00 | OK | |
r-oldrel-windows-ix86+x86_64 | 1.3 | 8.00 | 94.00 | 102.00 | OK |
Version: 1.5
Check: R code for possible problems
Result: NOTE
plot.CHR: no visible global function definition for ‘unit’
plot.DTR: no visible global function definition for ‘unit’
Flavors: r-devel-linux-x86_64-debian-clang, r-devel-linux-x86_64-debian-gcc, r-devel-linux-x86_64-fedora-clang, r-devel-linux-x86_64-fedora-gcc, r-devel-osx-x86_64-clang, r-devel-windows-ix86+x86_64