Last updated on 2014-10-02 01:48:14.
Flavor | Version | Tinstall | Tcheck | Ttotal | Status | Flags |
---|---|---|---|---|---|---|
r-devel-linux-x86_64-debian-clang | 1.0.3 | 1.40 | 232.20 | 233.59 | NOTE | |
r-devel-linux-x86_64-debian-gcc | 1.0.3 | 1.30 | 239.98 | 241.27 | NOTE | |
r-devel-linux-x86_64-fedora-clang | 1.0.3 | 524.20 | NOTE | |||
r-devel-linux-x86_64-fedora-gcc | 1.0.3 | 572.52 | NOTE | |||
r-devel-osx-x86_64-clang | 1.0.3 | 383.83 | NOTE | |||
r-devel-windows-ix86+x86_64 | 1.0.3 | 4.00 | 363.00 | 367.00 | NOTE | |
r-patched-linux-x86_64 | 1.0.3 | 1.40 | 234.33 | 235.73 | NOTE | |
r-patched-solaris-sparc | 1.0.3 | 295.70 | NOTE | --no-vignettes | ||
r-patched-solaris-x86 | 1.0.3 | 491.70 | NOTE | |||
r-release-linux-ix86 | 1.0.3 | 1.87 | 367.07 | 368.94 | OK | |
r-release-linux-x86_64 | 1.0.3 | 1.40 | 233.94 | 235.34 | OK | |
r-release-osx-x86_64-mavericks | 1.0.3 | NOTE | ||||
r-release-osx-x86_64-snowleopard | 1.0.3 | OK | ||||
r-release-windows-ix86+x86_64 | 1.0.3 | 4.00 | 392.00 | 396.00 | OK | |
r-oldrel-windows-ix86+x86_64 | 1.0.3 | 4.00 | 423.00 | 427.00 | OK |
Version: 1.0.3
Check: R code for possible problems
Result: NOTE
BDPOloglikeGradSqr.CTMC_PO_1: no visible global function definition for
‘grad’
BDPOloglikeGradSqr.CTMC_PO_many: no visible global function definition
for ‘grad’
graph.CTMC: no visible global function definition for ‘trellis.device’
graph.CTMC.PO: no visible global function definition for
‘trellis.device’
Flavors: r-devel-linux-x86_64-debian-clang, r-devel-linux-x86_64-debian-gcc, r-devel-linux-x86_64-fedora-clang, r-devel-linux-x86_64-fedora-gcc, r-devel-osx-x86_64-clang, r-devel-windows-ix86+x86_64
Version: 1.0.3
Check: files in ‘vignettes’
Result: NOTE
The following files look like leftovers/mistakes:
‘Rplots.pdf’
Please remove them from your package.
Flavors: r-devel-linux-x86_64-debian-clang, r-devel-linux-x86_64-debian-gcc, r-devel-linux-x86_64-fedora-clang, r-devel-linux-x86_64-fedora-gcc, r-devel-osx-x86_64-clang, r-devel-windows-ix86+x86_64, r-patched-linux-x86_64, r-patched-solaris-x86
Version: 1.0.3
Flags: --no-vignettes
Check: files in ‘vignettes’
Result: NOTE
The following files look like leftovers/mistakes:
‘Rplots.pdf’
Please remove them from your package.
Flavor: r-patched-solaris-sparc
Version: 1.0.3
Check: re-building of vignette outputs
Result: NOTE
Error in re-building vignettes:
...
Loading required package: numDeriv
make: Fatal error: Don't know how to make target `BD_EM.pdf'
Current working directory /home/ripley/R/packages/tests32/DOBAD.Rcheck/vign_test/DOBAD/vignettes
Error in buildVignettes(dir = "/home/ripley/R/packages/tests32/DOBAD.Rcheck/vign_test/DOBAD") :
running 'make' failed
Execution halted
Flavor: r-patched-solaris-x86
Version: 1.0.3
Check: re-building of vignette outputs
Result: NOTE
Error in re-building vignettes:
...
(/usr/local/texlive/2013basic/texmf-dist/tex/generic/babel/babel.def)))
(/usr/local/texlive/2013basic/texmf-dist/tex/latex/graphics/graphicx.sty
(/usr/local/texlive/2013basic/texmf-dist/tex/latex/graphics/keyval.sty)
(/usr/local/texlive/2013basic/texmf-dist/tex/latex/graphics/graphics.sty
(/usr/local/texlive/2013basic/texmf-dist/tex/latex/graphics/trig.sty)
(/usr/local/texlive/2013basic/texmf-dist/tex/latex/latexconfig/graphics.cfg)
(/usr/local/texlive/2013basic/texmf-dist/tex/latex/graphics/dvips.def)))
! LaTeX Error: File `versions.sty' not found.
Type X to quit or <RETURN> to proceed,
or enter new name. (Default extension: sty)
Enter file name:
! Emergency stop.
<read *>
l.19 \usepackage
{amsmath}^^M
No pages of output.
Transcript written on BD_EM.log.
make: *** [BD_EM.dvi] Error 1
Error in buildVignettes(dir = "/Builds/CRAN-QA-Simon/packages/mavericks-x86_64/results/3.1/DOBAD.Rcheck/vign_test/DOBAD") :
running 'make' failed
Execution halted
Flavor: r-release-osx-x86_64-mavericks