Last updated on 2014-10-02 01:48:14.
Flavor | Version | Tinstall | Tcheck | Ttotal | Status | Flags |
---|---|---|---|---|---|---|
r-devel-linux-x86_64-debian-clang | 2.0 | 0.62 | 12.22 | 12.84 | NOTE | |
r-devel-linux-x86_64-debian-gcc | 2.0 | 0.61 | 11.86 | 12.47 | NOTE | |
r-devel-linux-x86_64-fedora-clang | 2.0 | 24.93 | NOTE | |||
r-devel-linux-x86_64-fedora-gcc | 2.0 | 27.29 | NOTE | |||
r-devel-osx-x86_64-clang | 2.0 | 25.73 | NOTE | |||
r-devel-windows-ix86+x86_64 | 2.0 | 2.00 | 20.00 | 22.00 | NOTE | |
r-patched-linux-x86_64 | 2.0 | 0.66 | 12.12 | 12.78 | NOTE | |
r-patched-solaris-sparc | 2.0 | 133.40 | NOTE | |||
r-patched-solaris-x86 | 2.0 | 35.00 | NOTE | |||
r-release-linux-ix86 | 2.0 | 0.88 | 18.09 | 18.98 | NOTE | |
r-release-linux-x86_64 | 2.0 | 0.60 | 12.21 | 12.81 | NOTE | |
r-release-osx-x86_64-mavericks | 2.0 | NOTE | ||||
r-release-windows-ix86+x86_64 | 2.0 | 3.00 | 22.00 | 25.00 | NOTE | |
r-oldrel-windows-ix86+x86_64 | 2.0 | 2.00 | 22.00 | 24.00 | NOTE |
Version: 2.0
Check: dependencies in R code
Result: NOTE
Package in Depends field not imported from: ‘magic’
These packages need to be imported from (in the NAMESPACE file)
for when this namespace is loaded but not attached.
See the information on DESCRIPTION files in the chapter ‘Creating R
packages’ of the ‘Writing R Extensions’ manual.
Flavors: r-devel-linux-x86_64-debian-clang, r-devel-linux-x86_64-debian-gcc, r-devel-linux-x86_64-fedora-clang, r-devel-linux-x86_64-fedora-gcc, r-devel-osx-x86_64-clang, r-devel-windows-ix86+x86_64, r-patched-linux-x86_64, r-patched-solaris-sparc, r-patched-solaris-x86, r-release-linux-ix86, r-release-linux-x86_64, r-release-osx-x86_64-mavericks, r-release-windows-ix86+x86_64, r-oldrel-windows-ix86+x86_64
Version: 2.0
Check: R code for possible problems
Result: NOTE
hip: no visible global function definition for ‘adiag’
Flavors: r-devel-linux-x86_64-debian-clang, r-devel-linux-x86_64-debian-gcc, r-devel-linux-x86_64-fedora-clang, r-devel-linux-x86_64-fedora-gcc, r-devel-osx-x86_64-clang, r-devel-windows-ix86+x86_64