CRAN Package Check Results for Package DCluster

Last updated on 2014-10-02 01:48:14.

Flavor Version Tinstall Tcheck Ttotal Status Flags
r-devel-linux-x86_64-debian-clang 0.2-6 4.29 52.53 56.82 NOTE
r-devel-linux-x86_64-debian-gcc 0.2-6 4.40 51.27 55.67 NOTE
r-devel-linux-x86_64-fedora-clang 0.2-6 132.68 NOTE
r-devel-linux-x86_64-fedora-gcc 0.2-6 151.52 NOTE
r-devel-osx-x86_64-clang 0.2-6 104.06 OK
r-devel-windows-ix86+x86_64 0.2-6 15.00 96.00 111.00 OK
r-patched-linux-x86_64 0.2-6 4.64 54.52 59.15 NOTE
r-patched-solaris-sparc 0.2-6 710.20 OK
r-patched-solaris-x86 0.2-6 170.40 OK
r-release-linux-ix86 0.2-6 5.77 66.99 72.76 OK
r-release-linux-x86_64 0.2-6 4.72 56.61 61.33 NOTE
r-release-osx-x86_64-mavericks 0.2-6 OK
r-release-windows-ix86+x86_64 0.2-6 16.00 111.00 127.00 OK
r-oldrel-windows-ix86+x86_64 0.2-6 15.00 103.00 118.00 OK

Check Details

Version: 0.2-6
Check: Rd line widths
Result: NOTE
    Rd file 'kn.iscluster.Rd':
     \usage lines wider than 90 characters:
     kn.iscluster(data, idx, idxorder, alpha, fractpop, use.poisson=TRUE, model="poisson", R, mle, ...)
    
    Rd file 'opgam.Rd':
     \usage lines wider than 90 characters:
     opgam(data, thegrid=NULL, radius=Inf, step=NULL, alpha, iscluster=opgam.iscluster.default, set.idxorder=TRUE, ...)
    
    Rd file 'stone.boot.Rd':
     \examples lines wider than 100 characters:
     st.mboot<-boot(sids, statistic=stone.pboot, sim="parametric", ran.gen=multinom.sim, R=niter, region=78)
     st.pboot<-boot(sids, statistic=stone.pboot, sim="parametric", ran.gen=poisson.sim, R=niter, region=78)
     st.pgboot<-boot(sids, statistic=stone.pboot, sim="parametric", ran.gen=negbin.sim, R=niter, region=78)
    
    These lines will be truncated in the PDF manual.
Flavors: r-devel-linux-x86_64-debian-clang, r-devel-linux-x86_64-debian-gcc, r-devel-linux-x86_64-fedora-clang, r-devel-linux-x86_64-fedora-gcc, r-patched-linux-x86_64, r-release-linux-x86_64