Last updated on 2014-10-02 01:48:13.
Flavor | Version | Tinstall | Tcheck | Ttotal | Status | Flags |
---|---|---|---|---|---|---|
r-devel-linux-x86_64-debian-clang | 1.0 | 0.89 | 44.60 | 45.49 | NOTE | |
r-devel-linux-x86_64-debian-gcc | 1.0 | 0.87 | 45.16 | 46.03 | NOTE | |
r-devel-linux-x86_64-fedora-clang | 1.0 | 45.47 | NOTE | |||
r-devel-linux-x86_64-fedora-gcc | 1.0 | 48.97 | NOTE | |||
r-devel-osx-x86_64-clang | 1.0 | 44.34 | NOTE | |||
r-devel-windows-ix86+x86_64 | 1.0 | 4.00 | 36.00 | 40.00 | NOTE | |
r-patched-linux-x86_64 | 1.0 | 0.87 | 45.20 | 46.07 | NOTE | |
r-patched-solaris-sparc | 1.0 | 289.80 | NOTE | |||
r-patched-solaris-x86 | 1.0 | 66.60 | NOTE | |||
r-release-linux-ix86 | 1.0 | 1.29 | 37.74 | 39.02 | NOTE | |
r-release-linux-x86_64 | 1.0 | 0.86 | 45.03 | 45.89 | NOTE | |
r-release-osx-x86_64-mavericks | 1.0 | NOTE | ||||
r-release-windows-ix86+x86_64 | 1.0 | 4.00 | 33.00 | 37.00 | NOTE | |
r-oldrel-windows-ix86+x86_64 | 1.0 | 4.00 | 33.00 | 37.00 | NOTE |
Version: 1.0
Check: R code for possible problems
Result: NOTE
Found an obsolete/platform-specific call in the following function:
‘investigate’
Found the platform-specific devices:
‘X11’ ‘quartz’ ‘windows’
dev.new() is the preferred way to open a new device, in the unlikely
event one is needed.
investigate: no visible global function definition for ‘tkdestroy’
investigate: no visible binding for global variable ‘tt.investigate’
investigate : plotright: no visible global function definition for
‘tkcurselection’
investigate: no visible binding for '<<-' assignment to
‘tt.investigate’
investigate: no visible global function definition for ‘tktoplevel’
investigate: no visible global function definition for ‘tkgrid’
investigate: no visible global function definition for ‘tklabel’
investigate: no visible global function definition for ‘tklistbox’
investigate: no visible global function definition for ‘tkbind’
investigate: no visible binding for '<<-' assignment to ‘val’
investigate: no visible global function definition for ‘tkinsert’
investigate: no visible global function definition for
‘tkselection.set’
investigate : OnOK: no visible global function definition for
‘tkcurselection’
investigate : OnOK: no visible binding for '<<-' assignment to ‘tt1.1’
investigate : OnOK: no visible binding for '<<-' assignment to ‘tt2.2’
investigate : OnOK: no visible binding for '<<-' assignment to ‘tt3.1’
investigate : OnOK: no visible binding for '<<-' assignment to ‘tt4.1’
investigate : OnOK: no visible binding for '<<-' assignment to ‘tt5.1’
investigate : OnOK: no visible binding for '<<-' assignment to ‘tt6.1’
investigate : OnOK: no visible binding for '<<-' assignment to ‘tt6.2’
investigate : OnOK: no visible binding for '<<-' assignment to ‘tt7.1’
investigate : OnOK: no visible binding for '<<-' assignment to ‘tt8.1’
investigate: no visible global function definition for ‘tkbutton’
law.plot2d: no visible global function definition for ‘tktoplevel’
law.plot2d : f: no visible global function definition for ‘tclvalue’
law.plot2d: no visible global function definition for ‘tkscale’
law.plot2d: no visible global function definition for ‘tklabel’
law.plot2d: no visible global function definition for ‘tkgrid’
law.plot2d: no visible global function definition for
‘tkgrid.configure’
p.as.plot : movebar: no visible global function definition for
‘tkfocus’
p.as.plot : movebar: no visible global function definition for
‘tclvalue’
p.as.plot : movewindow: no visible global function definition for
‘tkfocus’
p.as.plot : movewindow: no visible global function definition for
‘tclvalue’
p.as.plot : movewindow: no visible global function definition for
‘tkget’
p.as.plot : movewindow: no visible global function definition for
‘tclvalue<-’
p.as.plot : zoom: no visible global function definition for ‘tclvalue’
p.as.plot : zoom: no visible global function definition for
‘tclvalue<-’
p.as.plot : zoom: no visible global function definition for
‘tkmessageBox’
p.as.plot : zoom: no visible global function definition for ‘tkget’
p.as.plot : zoom: no visible global function definition for
‘tkconfigure’
p.as.plot: no visible global function definition for ‘tclVar’
p.as.plot: no visible global function definition for ‘tclvalue<-’
p.as.plot : validzoombegin: no visible global function definition for
‘tclvalue’
p.as.plot : validzoombegin: no visible global function definition for
‘tclVar’
p.as.plot : invalidzoombegin: no visible global function definition for
‘tclvalue<-’
p.as.plot : invalidzoombegin: no visible global function definition for
‘tclvalue’
p.as.plot : invalidzoombegin: no visible global function definition for
‘tkconfigure’
p.as.plot : validzoomend: no visible global function definition for
‘tclvalue’
p.as.plot : validzoomend: no visible global function definition for
‘tclVar’
p.as.plot : invalidzoomend: no visible global function definition for
‘tclvalue<-’
p.as.plot : invalidzoomend: no visible global function definition for
‘tclvalue’
p.as.plot : invalidzoomend: no visible global function definition for
‘tkconfigure’
p.as.plot : rb1func: no visible global function definition for
‘tkconfigure’
p.as.plot : rb1func: no visible global function definition for
‘tkfocus’
p.as.plot : rb2func: no visible global function definition for
‘tkconfigure’
p.as.plot : rb2func: no visible global function definition for
‘tkfocus’
p.as.plot: no visible global function definition for ‘tktoplevel’
p.as.plot: no visible global function definition for ‘tkwm.title’
p.as.plot: no visible global function definition for ‘tklabel’
p.as.plot: no visible global function definition for ‘tkscale’
p.as.plot: no visible global function definition for ‘tkentry’
p.as.plot: no visible global function definition for ‘tkradiobutton’
p.as.plot: no visible global function definition for ‘tkgrid’
p.as.plot: no visible global function definition for ‘tkgrid.configure’
p.as.plot: no visible global function definition for ‘tkbind’
Flavors: r-devel-linux-x86_64-debian-clang, r-devel-linux-x86_64-debian-gcc, r-devel-linux-x86_64-fedora-clang, r-devel-linux-x86_64-fedora-gcc, r-devel-osx-x86_64-clang
Version: 1.0
Check: Rd line widths
Result: NOTE
Rd file 'check-convergence.Rd':
\usage lines wider than 90 characters:
check.convergence(nmax,M,genXn,argsXn=NULL,mode="p",epsilon=0.05,r=2,nb.sp=10,density=FALSE,densfunc=dnorm,probfunc=pnorm,tinf=-3,tsup= ... [TRUNCATED]
These lines will be truncated in the PDF manual.
Flavors: r-devel-linux-x86_64-debian-clang, r-devel-linux-x86_64-debian-gcc, r-devel-linux-x86_64-fedora-clang, r-devel-linux-x86_64-fedora-gcc, r-patched-linux-x86_64, r-release-linux-x86_64
Version: 1.0
Check: R code for possible problems
Result: NOTE
investigate: no visible global function definition for 'tkdestroy'
investigate: no visible binding for global variable 'tt.investigate'
investigate : plotright: no visible global function definition for
'tkcurselection'
investigate: no visible binding for '<<-' assignment to
'tt.investigate'
investigate: no visible global function definition for 'tktoplevel'
investigate: no visible global function definition for 'tkgrid'
investigate: no visible global function definition for 'tklabel'
investigate: no visible global function definition for 'tklistbox'
investigate: no visible global function definition for 'tkbind'
investigate: no visible binding for '<<-' assignment to 'val'
investigate: no visible global function definition for 'tkinsert'
investigate: no visible global function definition for
'tkselection.set'
investigate : OnOK: no visible global function definition for
'tkcurselection'
investigate : OnOK: no visible binding for '<<-' assignment to 'tt1.1'
investigate : OnOK: no visible binding for '<<-' assignment to 'tt2.2'
investigate : OnOK: no visible binding for '<<-' assignment to 'tt3.1'
investigate : OnOK: no visible binding for '<<-' assignment to 'tt4.1'
investigate : OnOK: no visible binding for '<<-' assignment to 'tt5.1'
investigate : OnOK: no visible binding for '<<-' assignment to 'tt6.1'
investigate : OnOK: no visible binding for '<<-' assignment to 'tt6.2'
investigate : OnOK: no visible binding for '<<-' assignment to 'tt7.1'
investigate : OnOK: no visible binding for '<<-' assignment to 'tt8.1'
investigate: no visible global function definition for 'tkbutton'
law.plot2d: no visible global function definition for 'tktoplevel'
law.plot2d : f: no visible global function definition for 'tclvalue'
law.plot2d: no visible global function definition for 'tkscale'
law.plot2d: no visible global function definition for 'tklabel'
law.plot2d: no visible global function definition for 'tkgrid'
law.plot2d: no visible global function definition for
'tkgrid.configure'
p.as.plot : movebar: no visible global function definition for
'tkfocus'
p.as.plot : movebar: no visible global function definition for
'tclvalue'
p.as.plot : movewindow: no visible global function definition for
'tkfocus'
p.as.plot : movewindow: no visible global function definition for
'tclvalue'
p.as.plot : movewindow: no visible global function definition for
'tkget'
p.as.plot : movewindow: no visible global function definition for
'tclvalue<-'
p.as.plot : zoom: no visible global function definition for 'tclvalue'
p.as.plot : zoom: no visible global function definition for
'tclvalue<-'
p.as.plot : zoom: no visible global function definition for
'tkmessageBox'
p.as.plot : zoom: no visible global function definition for 'tkget'
p.as.plot : zoom: no visible global function definition for
'tkconfigure'
p.as.plot: no visible global function definition for 'tclVar'
p.as.plot: no visible global function definition for 'tclvalue<-'
p.as.plot : validzoombegin: no visible global function definition for
'tclvalue'
p.as.plot : validzoombegin: no visible global function definition for
'tclVar'
p.as.plot : invalidzoombegin: no visible global function definition for
'tclvalue<-'
p.as.plot : invalidzoombegin: no visible global function definition for
'tclvalue'
p.as.plot : invalidzoombegin: no visible global function definition for
'tkconfigure'
p.as.plot : validzoomend: no visible global function definition for
'tclvalue'
p.as.plot : validzoomend: no visible global function definition for
'tclVar'
p.as.plot : invalidzoomend: no visible global function definition for
'tclvalue<-'
p.as.plot : invalidzoomend: no visible global function definition for
'tclvalue'
p.as.plot : invalidzoomend: no visible global function definition for
'tkconfigure'
p.as.plot : rb1func: no visible global function definition for
'tkconfigure'
p.as.plot : rb1func: no visible global function definition for
'tkfocus'
p.as.plot : rb2func: no visible global function definition for
'tkconfigure'
p.as.plot : rb2func: no visible global function definition for
'tkfocus'
p.as.plot: no visible global function definition for 'tktoplevel'
p.as.plot: no visible global function definition for 'tkwm.title'
p.as.plot: no visible global function definition for 'tklabel'
p.as.plot: no visible global function definition for 'tkscale'
p.as.plot: no visible global function definition for 'tkentry'
p.as.plot: no visible global function definition for 'tkradiobutton'
p.as.plot: no visible global function definition for 'tkgrid'
p.as.plot: no visible global function definition for 'tkgrid.configure'
p.as.plot: no visible global function definition for 'tkbind'
Flavor: r-devel-windows-ix86+x86_64
Version: 1.0
Check: R code for possible problems
Result: NOTE
Found an obsolete/platform-specific call in the following function:
‘investigate’
Found the platform-specific devices:
‘X11’ ‘quartz’ ‘windows’
dev.new() is the preferred way to open a new device, in the unlikely
event one is needed.
investigate: no visible binding for global variable ‘tt.investigate’
investigate: no visible binding for '<<-' assignment to
‘tt.investigate’
investigate: no visible binding for '<<-' assignment to ‘val’
investigate : OnOK: no visible binding for '<<-' assignment to ‘tt1.1’
investigate : OnOK: no visible binding for '<<-' assignment to ‘tt2.2’
investigate : OnOK: no visible binding for '<<-' assignment to ‘tt3.1’
investigate : OnOK: no visible binding for '<<-' assignment to ‘tt4.1’
investigate : OnOK: no visible binding for '<<-' assignment to ‘tt5.1’
investigate : OnOK: no visible binding for '<<-' assignment to ‘tt6.1’
investigate : OnOK: no visible binding for '<<-' assignment to ‘tt6.2’
investigate : OnOK: no visible binding for '<<-' assignment to ‘tt7.1’
investigate : OnOK: no visible binding for '<<-' assignment to ‘tt8.1’
Flavors: r-patched-linux-x86_64, r-patched-solaris-sparc, r-patched-solaris-x86, r-release-linux-ix86, r-release-linux-x86_64
Version: 1.0
Check: R code for possible problems
Result: NOTE
investigate: no visible binding for global variable ‘tt.investigate’
investigate: no visible binding for '<<-' assignment to
‘tt.investigate’
investigate: no visible binding for '<<-' assignment to ‘val’
investigate : OnOK: no visible binding for '<<-' assignment to ‘tt1.1’
investigate : OnOK: no visible binding for '<<-' assignment to ‘tt2.2’
investigate : OnOK: no visible binding for '<<-' assignment to ‘tt3.1’
investigate : OnOK: no visible binding for '<<-' assignment to ‘tt4.1’
investigate : OnOK: no visible binding for '<<-' assignment to ‘tt5.1’
investigate : OnOK: no visible binding for '<<-' assignment to ‘tt6.1’
investigate : OnOK: no visible binding for '<<-' assignment to ‘tt6.2’
investigate : OnOK: no visible binding for '<<-' assignment to ‘tt7.1’
investigate : OnOK: no visible binding for '<<-' assignment to ‘tt8.1’
Flavors: r-release-osx-x86_64-mavericks, r-release-windows-ix86+x86_64, r-oldrel-windows-ix86+x86_64