Last updated on 2014-10-02 01:48:13.
Flavor | Version | Tinstall | Tcheck | Ttotal | Status | Flags |
---|---|---|---|---|---|---|
r-devel-linux-x86_64-debian-clang | 0.1.5 | 0.69 | 17.12 | 17.81 | NOTE | |
r-devel-linux-x86_64-debian-gcc | 0.1.5 | 0.68 | 16.65 | 17.32 | NOTE | |
r-devel-linux-x86_64-fedora-clang | 0.1.5 | 36.01 | NOTE | |||
r-devel-linux-x86_64-fedora-gcc | 0.1.5 | 38.16 | NOTE | |||
r-devel-osx-x86_64-clang | 0.1.5 | 32.88 | NOTE | |||
r-devel-windows-ix86+x86_64 | 0.1.5 | 2.00 | 24.00 | 26.00 | NOTE | |
r-patched-linux-x86_64 | 0.1.5 | 0.78 | 15.60 | 16.39 | OK | |
r-patched-solaris-sparc | 0.1.5 | 211.10 | OK | |||
r-patched-solaris-x86 | 0.1.5 | 49.20 | OK | |||
r-release-linux-ix86 | 0.1.5 | 1.00 | 25.55 | 26.54 | OK | |
r-release-linux-x86_64 | 0.1.5 | 0.68 | 17.57 | 18.24 | OK | |
r-release-osx-x86_64-mavericks | 0.1.5 | OK | ||||
r-release-osx-x86_64-snowleopard | 0.1.5 | OK | ||||
r-release-windows-ix86+x86_64 | 0.1.5 | 2.00 | 25.00 | 27.00 | OK | |
r-oldrel-windows-ix86+x86_64 | 0.1.5 | 2.00 | 24.00 | 26.00 | OK |
Version: 0.1.5
Check: R code for possible problems
Result: NOTE
eigs: no visible global function definition for ‘arpack’
Flavors: r-devel-linux-x86_64-debian-clang, r-devel-linux-x86_64-debian-gcc, r-devel-linux-x86_64-fedora-clang, r-devel-linux-x86_64-fedora-gcc, r-devel-osx-x86_64-clang, r-devel-windows-ix86+x86_64