Last updated on 2014-10-02 01:48:13.
Flavor | Version | Tinstall | Tcheck | Ttotal | Status | Flags |
---|---|---|---|---|---|---|
r-devel-linux-x86_64-debian-clang | 0.3-0 | 3.85 | 47.44 | 51.29 | OK | |
r-devel-linux-x86_64-debian-gcc | 0.3-0 | 3.80 | 46.55 | 50.35 | OK | |
r-devel-linux-x86_64-fedora-clang | 0.3-0 | 125.96 | OK | |||
r-devel-linux-x86_64-fedora-gcc | 0.3-0 | 145.12 | OK | |||
r-devel-osx-x86_64-clang | 0.3-0 | 96.19 | OK | |||
r-devel-windows-ix86+x86_64 | 0.3-0 | 11.00 | 64.00 | 75.00 | OK | |
r-patched-linux-x86_64 | 0.3-0 | 4.01 | 49.53 | 53.54 | OK | |
r-patched-solaris-sparc | 0.3-0 | 693.10 | OK | |||
r-patched-solaris-x86 | 0.3-0 | 165.40 | OK | |||
r-release-linux-ix86 | 0.3-0 | 4.87 | 59.32 | 64.18 | OK | |
r-release-linux-x86_64 | 0.3-0 | 4.36 | 49.61 | 53.98 | OK | |
r-release-osx-x86_64-mavericks | 0.3-0 | ERROR | ||||
r-release-osx-x86_64-snowleopard | 0.3-0 | OK | ||||
r-release-windows-ix86+x86_64 | 0.3-0 | 10.00 | 70.00 | 80.00 | OK | |
r-oldrel-windows-ix86+x86_64 | 0.3-0 | 10.00 | 69.00 | 79.00 | OK |
Version: 0.3-0
Check: package dependencies
Result: ERROR
Package required but not available: ‘copula’
See the information on DESCRIPTION files in the chapter ‘Creating R
packages’ of the ‘Writing R Extensions’ manual.
Flavor: r-release-osx-x86_64-mavericks