Last updated on 2014-10-02 01:48:13.
Flavor | Version | Tinstall | Tcheck | Ttotal | Status | Flags |
---|---|---|---|---|---|---|
r-devel-linux-x86_64-debian-clang | 1.2 | 0.90 | 15.77 | 16.67 | NOTE | |
r-devel-linux-x86_64-debian-gcc | 1.2 | 0.74 | 16.28 | 17.01 | NOTE | |
r-devel-linux-x86_64-fedora-clang | 1.2 | 34.09 | NOTE | |||
r-devel-linux-x86_64-fedora-gcc | 1.2 | 34.97 | NOTE | |||
r-devel-osx-x86_64-clang | 1.2 | 31.24 | NOTE | |||
r-devel-windows-ix86+x86_64 | 1.2 | 2.00 | 26.00 | 28.00 | NOTE | |
r-patched-linux-x86_64 | 1.2 | 0.72 | 17.58 | 18.30 | NOTE | |
r-patched-solaris-sparc | 1.2 | 217.30 | NOTE | |||
r-patched-solaris-x86 | 1.2 | 48.80 | NOTE | |||
r-release-linux-ix86 | 1.2 | 1.09 | 23.97 | 25.06 | NOTE | |
r-release-linux-x86_64 | 1.2 | 0.68 | 17.45 | 18.13 | NOTE | |
r-release-osx-x86_64-mavericks | 1.2 | NOTE | ||||
r-release-windows-ix86+x86_64 | 1.2 | 3.00 | 28.00 | 31.00 | NOTE | |
r-oldrel-windows-ix86+x86_64 | 1.2 | 3.00 | 26.00 | 29.00 | NOTE |
Version: 1.2
Check: top-level files
Result: NOTE
File
LICENSE
is not mentioned in the DESCRIPTION file.
Flavors: r-devel-linux-x86_64-debian-clang, r-devel-linux-x86_64-debian-gcc, r-devel-linux-x86_64-fedora-clang, r-devel-linux-x86_64-fedora-gcc, r-devel-osx-x86_64-clang, r-devel-windows-ix86+x86_64, r-patched-linux-x86_64, r-patched-solaris-sparc, r-patched-solaris-x86, r-release-linux-ix86, r-release-linux-x86_64, r-release-osx-x86_64-mavericks, r-release-windows-ix86+x86_64, r-oldrel-windows-ix86+x86_64
Version: 1.2
Check: Rd line widths
Result: NOTE
Rd file 'choicemodelr.Rd':
\examples lines wider than 100 characters:
estbetas = cbind(estbetas[,1:4],0-apply(estbetas[,1:4],1,sum),estbetas[,5:6],0-apply(estbetas[,5:6],1,sum))
estbetas = cbind(estbetas[,1:4],0-apply(estbetas[,1:4],1,sum),estbetas[,5:6],0-apply(estbetas[,5:6],1,sum))
These lines will be truncated in the PDF manual.
Flavors: r-devel-linux-x86_64-debian-clang, r-devel-linux-x86_64-debian-gcc, r-devel-linux-x86_64-fedora-clang, r-devel-linux-x86_64-fedora-gcc, r-patched-linux-x86_64, r-release-linux-x86_64