CRAN Package Check Results for Package ChemoSpec

Last updated on 2014-10-02 01:48:12.

Flavor Version Tinstall Tcheck Ttotal Status Flags
r-devel-linux-x86_64-debian-clang 2.0-2 6.70 96.91 103.61 OK
r-devel-linux-x86_64-debian-gcc 2.0-2 6.98 95.73 102.72 OK
r-devel-linux-x86_64-fedora-clang 2.0-2 212.98 OK
r-devel-linux-x86_64-fedora-gcc 2.0-2 221.78 OK
r-devel-osx-x86_64-clang 2.0-2 166.42 OK
r-devel-windows-ix86+x86_64 2.0-2 17.00 161.00 178.00 OK
r-patched-linux-x86_64 2.0-2 10.24 102.07 112.31 OK
r-patched-solaris-sparc 2.0-2 1067.90 OK --no-build-vignettes
r-patched-solaris-x86 2.0-2 274.60 OK
r-release-linux-ix86 2.0-2 8.52 119.74 128.26 OK
r-release-linux-x86_64 2.0-2 8.30 102.66 110.97 OK
r-release-osx-x86_64-mavericks 2.0-2 NOTE
r-release-osx-x86_64-snowleopard 2.0-2 OK
r-release-windows-ix86+x86_64 2.0-2 20.00 173.00 193.00 OK
r-oldrel-windows-ix86+x86_64 2.0-2 20.00 168.00 188.00 OK

Check Details

Version: 2.0-2
Check: re-building of vignette outputs
Result: NOTE
    Error in re-building vignettes:
     ...
    Warning: running command 'kpsewhich framed.sty' had status 1
    Warning in test_latex_pkg("framed", system.file("misc", "framed.sty", package = "knitr")) :
     unable to find LaTeX package 'framed'; will use a copy from knitr
    Error in texi2dvi(file = file, pdf = TRUE, clean = clean, quiet = quiet, :
     Running 'texi2dvi' on 'ChemoSpec.tex' failed.
    LaTeX errors:
    ! LaTeX Error: File `mhchem.sty' not found.
    
    Type X to quit or <RETURN> to proceed,
    or enter new name. (Default extension: sty)
    
    gn_test/ChemoSpec/vignettes/ChemoSpec.tex:67: ==> Fatal error occurred, no out
    put PDF file produced!
    Calls: buildVignettes -> texi2pdf -> texi2dvi
    Execution halted
Flavor: r-release-osx-x86_64-mavericks