CRAN Package Check Results for Package Cairo

Last updated on 2014-10-02 01:48:12.

Flavor Version Tinstall Tcheck Ttotal Status Flags
r-devel-linux-x86_64-debian-clang 1.5-6 3.78 10.40 14.17 NOTE
r-devel-linux-x86_64-debian-gcc 1.5-6 3.73 10.08 13.81 NOTE
r-devel-linux-x86_64-fedora-clang 1.5-6 26.74 NOTE
r-devel-linux-x86_64-fedora-gcc 1.5-6 26.11 NOTE
r-devel-osx-x86_64-clang 1.5-6 33.13 WARN
r-devel-windows-ix86+x86_64 1.5-6 23.00 23.00 46.00 OK
r-patched-linux-x86_64 1.5-6 3.82 10.06 13.88 NOTE
r-patched-solaris-sparc 1.5-6 147.00 NOTE
r-patched-solaris-x86 1.5-6 38.80 NOTE
r-release-linux-ix86 1.5-6 6.04 16.27 22.31 NOTE
r-release-linux-x86_64 1.5-6 3.80 10.25 14.05 NOTE
r-release-osx-x86_64-mavericks 1.5-6 NOTE
r-release-osx-x86_64-snowleopard 1.5-6 ERROR
r-release-windows-ix86+x86_64 1.5-6 30.00 23.00 53.00 OK
r-oldrel-windows-ix86+x86_64 1.5-6 22.00 33.00 55.00 OK

Check Details

Version: 1.5-6
Check: compiled code
Result: NOTE
    File ‘Cairo/libs/Cairo.so’:
     Found non-API calls to R: ‘R_InputHandlers’, ‘addInputHandler’
    
    Compiled code should not call non-API entry points in R.
    
    See ‘Writing portable packages’ in the ‘Writing R Extensions’ manual.
Flavors: r-devel-linux-x86_64-debian-clang, r-devel-linux-x86_64-debian-gcc, r-devel-linux-x86_64-fedora-clang, r-devel-linux-x86_64-fedora-gcc, r-devel-osx-x86_64-clang

Version: 1.5-6
Check: whether package can be installed
Result: WARN
    Found the following significant warnings:
     /usr/X11/include/X11/Xfuncproto.h:145:24: warning: named variadic macros are a GNU extension [-Wvariadic-macros]
Flavor: r-devel-osx-x86_64-clang

Version: 1.5-6
Check: compiled code
Result: NOTE
    File ‘/home/hornik/tmp/R.check/r-patched-gcc/Work/build/Packages/Cairo/libs/Cairo.so’:
     Found non-API calls to R: ‘R_InputHandlers’, ‘addInputHandler’
    
    Compiled code should not call non-API entry points in R.
    
    See ‘Writing portable packages’ in the ‘Writing R Extensions’ manual.
Flavor: r-patched-linux-x86_64

Version: 1.5-6
Check: package dependencies
Result: NOTE
    Package which this enhances but not available for checking: ‘FastRWeb’
Flavors: r-patched-solaris-sparc, r-patched-solaris-x86

Version: 1.5-6
Check: compiled code
Result: NOTE
    File ‘/home/ripley/R/Lib32/Cairo/libs/Cairo.so’:
     Found non-API calls to R: ‘R_InputHandlers’, ‘addInputHandler’
    
    Compiled code should not call non-API entry points in R.
    
    See ‘Writing portable packages’ in the ‘Writing R Extensions’ manual.
Flavors: r-patched-solaris-sparc, r-patched-solaris-x86

Version: 1.5-6
Check: compiled code
Result: NOTE
    File ‘/home/hornik/tmp/R.check/r-release-gcc/Work/build/Packages/Cairo/libs/Cairo.so’:
     Found non-API calls to R: ‘R_InputHandlers’, ‘addInputHandler’
    
    Compiled code should not call non-API entry points in R.
    
    See ‘Writing portable packages’ in the ‘Writing R Extensions’ manual.
Flavors: r-release-linux-ix86, r-release-linux-x86_64

Version: 1.5-6
Check: installed package size
Result: NOTE
     installed size is 10.1Mb
     sub-directories of 1Mb or more:
     libs 10.0Mb
Flavor: r-release-osx-x86_64-mavericks

Version: 1.5-6
Check: compiled code
Result: NOTE
    File ‘/Builds/CRAN-QA-Simon/packages/mavericks-x86_64/results/3.1/Cairo.Rcheck/Cairo/libs/Cairo.so’:
     Found non-API calls to R: ‘R_InputHandlers’, ‘addInputHandler’
    
    Compiled code should not call non-API entry points in R.
    
    See ‘Writing portable packages’ in the ‘Writing R Extensions’ manual.
Flavor: r-release-osx-x86_64-mavericks

Version: 1.5-6
Check: whether package can be installed
Result: ERROR
    Installation failed.
    See ‘/Volumes/XT3/Builds/R-dev-web/QA/Simon/packages/snowleopard-x86_64/results/3.1/Cairo.Rcheck/00install.out’ for details.
    * pre-conf. environment: (PKG_CFLAGS=, PKG_CPPFLAGS=-I/usr/X11R6/include -I/usr/local/include/freetype2, PKG_LIBS=-L/usr/X11R6/lib -lX11 -lXrender)
Flavor: r-release-osx-x86_64-snowleopard