Last updated on 2014-10-02 01:48:13.
Flavor | Version | Tinstall | Tcheck | Ttotal | Status | Flags |
---|---|---|---|---|---|---|
r-devel-linux-x86_64-debian-clang | 1.0.2 | 1.10 | 17.16 | 18.26 | NOTE | |
r-devel-linux-x86_64-debian-gcc | 1.0.2 | 1.02 | 16.71 | 17.73 | NOTE | |
r-devel-linux-x86_64-fedora-clang | 1.0.2 | 35.94 | NOTE | |||
r-devel-linux-x86_64-fedora-gcc | 1.0.2 | 36.89 | NOTE | |||
r-devel-osx-x86_64-clang | 1.0.2 | 38.68 | NOTE | |||
r-devel-windows-ix86+x86_64 | 1.0.2 | 3.00 | 26.00 | 29.00 | NOTE | |
r-patched-linux-x86_64 | 1.0.2 | 1.07 | 16.57 | 17.64 | NOTE | |
r-patched-solaris-sparc | 1.0.2 | 219.50 | NOTE | |||
r-patched-solaris-x86 | 1.0.2 | 52.50 | NOTE | |||
r-release-linux-ix86 | 1.0.2 | 1.44 | 24.79 | 26.23 | NOTE | |
r-release-linux-x86_64 | 1.0.2 | 1.16 | 17.09 | 18.26 | NOTE | |
r-release-osx-x86_64-mavericks | 1.0.2 | NOTE | ||||
r-release-osx-x86_64-snowleopard | 1.0.2 | OK | ||||
r-release-windows-ix86+x86_64 | 1.0.2 | 4.00 | 30.00 | 34.00 | NOTE | |
r-oldrel-windows-ix86+x86_64 | 1.0.2 | 4.00 | 29.00 | 33.00 | NOTE |
Version: 1.0.2
Check: dependencies in R code
Result: NOTE
Packages in Depends field not imported from:
‘XML’ ‘stringr’
These packages need to be imported from (in the NAMESPACE file)
for when this namespace is loaded but not attached.
See the information on DESCRIPTION files in the chapter ‘Creating R
packages’ of the ‘Writing R Extensions’ manual.
Flavors: r-devel-linux-x86_64-debian-clang, r-devel-linux-x86_64-debian-gcc, r-devel-linux-x86_64-fedora-clang, r-devel-linux-x86_64-fedora-gcc, r-devel-osx-x86_64-clang, r-devel-windows-ix86+x86_64, r-patched-linux-x86_64, r-patched-solaris-sparc, r-patched-solaris-x86, r-release-linux-ix86, r-release-linux-x86_64, r-release-osx-x86_64-mavericks, r-release-windows-ix86+x86_64, r-oldrel-windows-ix86+x86_64
Version: 1.0.2
Check: R code for possible problems
Result: NOTE
cssApply: no visible global function definition for ‘xpathSApply’
cssApplyInNodeSet: no visible global function definition for
‘getNodeSet’
cssApplyInNodeSet: no visible global function definition for
‘xpathSApply’
cssCharacter: no visible global function definition for ‘xmlValue’
cssClass: no visible global function definition for ‘xmlGetAttr’
cssId: no visible global function definition for ‘xmlGetAttr’
cssLink: no visible global function definition for ‘xmlGetAttr’
cssName: no visible global function definition for ‘xmlGetAttr’
cssNumeric: no visible global function definition for ‘xmlValue’
cssSrc: no visible global function definition for ‘xmlGetAttr’
cssToXpath: no visible global function definition for ‘str_extract_all’
cssToXpath : <anonymous>: no visible global function definition for
‘str_detect’
cssToXpath : <anonymous>: no visible global function definition for
‘str_replace’
cssToXpath : <anonymous>: no visible global function definition for
‘str_extract’
cssToXpath : <anonymous>: no visible global function definition for
‘str_match’
cssToXpath : <anonymous>: no visible global function definition for
‘str_replace_all’
cssToXpath : <anonymous>: no visible global function definition for
‘str_match_all’
cssToXpath: no visible global function definition for ‘str_replace’
cssValue: no visible global function definition for ‘xmlGetAttr’
Flavors: r-devel-linux-x86_64-debian-clang, r-devel-linux-x86_64-debian-gcc, r-devel-linux-x86_64-fedora-clang, r-devel-linux-x86_64-fedora-gcc, r-devel-osx-x86_64-clang, r-devel-windows-ix86+x86_64