Last updated on 2014-10-02 01:48:13.
Flavor | Version | Tinstall | Tcheck | Ttotal | Status | Flags |
---|---|---|---|---|---|---|
r-devel-linux-x86_64-debian-clang | 1.0 | 1.18 | 18.31 | 19.49 | NOTE | |
r-devel-linux-x86_64-debian-gcc | 1.0 | 0.99 | 18.23 | 19.22 | NOTE | |
r-devel-linux-x86_64-fedora-clang | 1.0 | 30.68 | NOTE | |||
r-devel-linux-x86_64-fedora-gcc | 1.0 | 30.17 | NOTE | |||
r-devel-osx-x86_64-clang | 1.0 | 35.72 | NOTE | |||
r-devel-windows-ix86+x86_64 | 1.0 | 3.00 | 30.00 | 33.00 | NOTE | |
r-patched-linux-x86_64 | 1.0 | 1.10 | 18.70 | 19.80 | NOTE | |
r-patched-solaris-sparc | 1.0 | 224.50 | NOTE | |||
r-patched-solaris-x86 | 1.0 | 54.30 | NOTE | |||
r-release-linux-ix86 | 1.0 | 1.64 | 27.21 | 28.85 | NOTE | |
r-release-linux-x86_64 | 1.0 | 1.10 | 18.97 | 20.07 | NOTE | |
r-release-osx-x86_64-mavericks | 1.0 | NOTE | ||||
r-release-windows-ix86+x86_64 | 1.0 | 4.00 | 34.00 | 38.00 | NOTE | |
r-oldrel-windows-ix86+x86_64 | 1.0 | 5.00 | 35.00 | 40.00 | NOTE |
Version: 1.0
Check: top-level files
Result: NOTE
Non-standard file/directory found at top level:
‘spares’
Flavors: r-devel-linux-x86_64-debian-clang, r-devel-linux-x86_64-debian-gcc, r-devel-linux-x86_64-fedora-clang, r-devel-linux-x86_64-fedora-gcc, r-patched-linux-x86_64, r-release-linux-x86_64
Version: 1.0
Check: dependencies in R code
Result: NOTE
'library' or 'require' calls to packages already attached by Depends:
‘mclust’ ‘rlecuyer’
Please remove these calls from your code.
See the information on DESCRIPTION files in the chapter ‘Creating R
packages’ of the ‘Writing R Extensions’ manual.
Flavors: r-devel-linux-x86_64-debian-clang, r-devel-linux-x86_64-debian-gcc, r-devel-linux-x86_64-fedora-clang, r-devel-linux-x86_64-fedora-gcc, r-devel-osx-x86_64-clang, r-devel-windows-ix86+x86_64, r-patched-linux-x86_64, r-patched-solaris-sparc, r-patched-solaris-x86, r-release-linux-ix86, r-release-linux-x86_64, r-release-osx-x86_64-mavericks, r-release-windows-ix86+x86_64, r-oldrel-windows-ix86+x86_64