Last updated on 2014-10-02 01:48:13.
Flavor | Version | Tinstall | Tcheck | Ttotal | Status | Flags |
---|---|---|---|---|---|---|
r-devel-linux-x86_64-debian-clang | 1.0 | 3.14 | 36.60 | 39.74 | NOTE | |
r-devel-linux-x86_64-debian-gcc | 1.0 | 2.98 | 35.06 | 38.04 | NOTE | |
r-devel-linux-x86_64-fedora-clang | 1.0 | 91.21 | NOTE | |||
r-devel-linux-x86_64-fedora-gcc | 1.0 | 97.58 | NOTE | |||
r-devel-osx-x86_64-clang | 1.0 | 71.71 | OK | |||
r-devel-windows-ix86+x86_64 | 1.0 | 7.00 | 51.00 | 58.00 | OK | |
r-patched-linux-x86_64 | 1.0 | 3.16 | 36.96 | 40.12 | NOTE | |
r-patched-solaris-sparc | 1.0 | 498.40 | OK | |||
r-patched-solaris-x86 | 1.0 | 122.50 | OK | |||
r-release-linux-ix86 | 1.0 | 4.04 | 46.35 | 50.38 | OK | |
r-release-linux-x86_64 | 1.0 | 3.23 | 38.04 | 41.27 | NOTE | |
r-release-osx-x86_64-mavericks | 1.0 | OK | ||||
r-release-windows-ix86+x86_64 | 1.0 | 8.00 | 51.00 | 59.00 | OK | |
r-oldrel-windows-ix86+x86_64 | 1.0 | 8.00 | 49.00 | 57.00 | OK |
Version: 1.0
Check: Rd line widths
Result: NOTE
Rd file 'socp.Rd':
\usage lines wider than 90 characters:
socp(A, b, c, kvec, type = rep('q',length(kvec)), use_sparse=TRUE, gamma_fac=.95, delta0 = .75, sigma0 = .25, mu0 = 0.01, zero_tol = 1e ... [TRUNCATED]
These lines will be truncated in the PDF manual.
Flavors: r-devel-linux-x86_64-debian-clang, r-devel-linux-x86_64-debian-gcc, r-devel-linux-x86_64-fedora-clang, r-devel-linux-x86_64-fedora-gcc, r-patched-linux-x86_64, r-release-linux-x86_64