Last updated on 2014-10-02 01:48:12.
Flavor | Version | Tinstall | Tcheck | Ttotal | Status | Flags |
---|---|---|---|---|---|---|
r-devel-linux-x86_64-debian-clang | 0.11 | 0.92 | 17.56 | 18.48 | OK | |
r-devel-linux-x86_64-debian-gcc | 0.11 | 0.89 | 17.24 | 18.13 | OK | |
r-devel-linux-x86_64-fedora-clang | 0.11 | 20.27 | OK | |||
r-devel-linux-x86_64-fedora-gcc | 0.11 | 37.13 | OK | |||
r-devel-osx-x86_64-clang | 0.11 | 34.36 | NOTE | |||
r-devel-windows-ix86+x86_64 | 0.11 | 6.00 | 31.00 | 37.00 | NOTE | |
r-patched-linux-x86_64 | 0.11 | 1.00 | 17.62 | 18.62 | OK | |
r-patched-solaris-sparc | 0.11 | 191.40 | NOTE | |||
r-patched-solaris-x86 | 0.11 | 50.30 | NOTE | |||
r-release-linux-ix86 | 0.9 | 0.84 | 15.07 | 15.91 | OK | |
r-release-linux-x86_64 | 0.11 | 0.95 | 17.74 | 18.69 | OK | |
r-release-osx-x86_64-mavericks | 0.11 | NOTE | ||||
r-release-osx-x86_64-snowleopard | 0.11 | NOTE | ||||
r-release-windows-ix86+x86_64 | 0.11 | 7.00 | 35.00 | 42.00 | NOTE | |
r-oldrel-windows-ix86+x86_64 | 0.11 | 7.00 | 34.00 | 41.00 | NOTE |
Version: 0.11
Check: re-building of vignette outputs
Result: NOTE
Error in re-building vignettes:
...
Error: processing vignette 'BrailleRManual.rmd' failed with diagnostics:
pandoc version 1.12.3 or higher is required and was not found.
Execution halted
Flavors: r-devel-osx-x86_64-clang, r-devel-windows-ix86+x86_64, r-patched-solaris-sparc, r-patched-solaris-x86, r-release-osx-x86_64-mavericks, r-release-osx-x86_64-snowleopard, r-release-windows-ix86+x86_64, r-oldrel-windows-ix86+x86_64