Last updated on 2014-10-02 01:48:12.
Flavor | Version | Tinstall | Tcheck | Ttotal | Status | Flags |
---|---|---|---|---|---|---|
r-devel-linux-x86_64-debian-clang | 0.1 | 466.01 | 20.27 | 486.28 | NOTE | |
r-devel-linux-x86_64-debian-gcc | 0.1 | 635.69 | 18.22 | 653.91 | NOTE | |
r-devel-linux-x86_64-fedora-clang | 0.1 | 1308.56 | NOTE | |||
r-devel-linux-x86_64-fedora-gcc | 0.1 | 1236.05 | NOTE | |||
r-devel-osx-x86_64-clang | 0.1 | 689.81 | NOTE | |||
r-devel-windows-ix86+x86_64 | 0.1 | 2139.00 | 27.00 | 2166.00 | NOTE | |
r-patched-linux-x86_64 | 0.1 | 636.25 | 19.14 | 655.39 | NOTE | |
r-release-linux-ix86 | 0.1 | 846.31 | 28.30 | 874.61 | NOTE | |
r-release-linux-x86_64 | 0.1 | 632.70 | 19.02 | 651.72 | NOTE | |
r-release-osx-x86_64-mavericks | 0.1 | NOTE | ||||
r-release-osx-x86_64-snowleopard | 0.1 | NOTE | ||||
r-release-windows-ix86+x86_64 | 0.1 | 2242.00 | 27.00 | 2269.00 | NOTE | |
r-oldrel-windows-ix86+x86_64 | 0.1 | 2306.00 | 27.00 | 2333.00 | NOTE |
Version: 0.1
Check: for portable file names
Result: NOTE
Found the following non-portable file paths:
Boom/inst/include/Models/PointProcess/PosteriorSamplers/HomogeneousPoissonProcessPosteriorSampler.hpp
Boom/inst/include/Models/PointProcess/PosteriorSamplers/MarkovModulatedPoissonProcessPosteriorSampler.hpp
Tarballs are only required to store paths of up to 100 bytes and cannot
store those of more than 256 bytes, with restrictions including to 100
bytes for the final component.
See section ‘Package structure’ in the ‘Writing R Extensions’ manual.
Flavors: r-devel-linux-x86_64-debian-clang, r-devel-linux-x86_64-debian-gcc, r-devel-linux-x86_64-fedora-clang, r-devel-linux-x86_64-fedora-gcc, r-devel-osx-x86_64-clang, r-devel-windows-ix86+x86_64, r-patched-linux-x86_64, r-release-linux-ix86, r-release-linux-x86_64, r-release-osx-x86_64-mavericks, r-release-osx-x86_64-snowleopard, r-release-windows-ix86+x86_64, r-oldrel-windows-ix86+x86_64
Version: 0.1
Check: installed package size
Result: NOTE
installed size is 164.9Mb
sub-directories of 1Mb or more:
include 2.3Mb
lib 162.4Mb
Flavors: r-devel-linux-x86_64-debian-clang, r-devel-linux-x86_64-debian-gcc, r-devel-linux-x86_64-fedora-clang, r-devel-linux-x86_64-fedora-gcc, r-devel-osx-x86_64-clang, r-devel-windows-ix86+x86_64, r-patched-linux-x86_64, r-release-linux-ix86, r-release-linux-x86_64, r-release-osx-x86_64-mavericks, r-release-osx-x86_64-snowleopard, r-release-windows-ix86+x86_64, r-oldrel-windows-ix86+x86_64