Last updated on 2014-10-02 01:48:12.
Flavor | Version | Tinstall | Tcheck | Ttotal | Status | Flags |
---|---|---|---|---|---|---|
r-devel-linux-x86_64-debian-clang | 1.0 | 7.22 | 88.78 | 96.00 | OK | |
r-devel-linux-x86_64-debian-gcc | 1.0 | 6.42 | 85.96 | 92.39 | OK | |
r-devel-linux-x86_64-fedora-clang | 1.0 | 218.53 | OK | |||
r-devel-linux-x86_64-fedora-gcc | 1.0 | 236.19 | OK | |||
r-devel-osx-x86_64-clang | 1.0 | 165.66 | OK | |||
r-devel-windows-ix86+x86_64 | 1.0 | 2.00 | 1.00 | 3.00 | ERROR | |
r-patched-linux-x86_64 | 1.0 | 5.59 | 77.52 | 83.11 | OK | |
r-patched-solaris-sparc | 1.0 | 1002.10 | OK | |||
r-patched-solaris-x86 | 1.0 | 231.90 | OK | |||
r-release-linux-ix86 | 1.0 | 6.87 | 93.88 | 100.75 | OK | |
r-release-linux-x86_64 | 1.0 | 5.86 | 77.32 | 83.18 | OK | |
r-release-osx-x86_64-mavericks | 1.0 | OK | ||||
r-release-osx-x86_64-snowleopard | 1.0 | OK | ||||
r-release-windows-ix86+x86_64 | 1.0 | 19.00 | 123.00 | 142.00 | OK | |
r-oldrel-windows-ix86+x86_64 | 1.0 | 19.00 | 114.00 | 133.00 | OK |
Version: 1.0
Check: whether package can be installed
Result: ERROR
Installation failed.
Flavor: r-devel-windows-ix86+x86_64