CRAN Package Check Results for Package BerlinData

Last updated on 2014-10-02 01:48:11.

Flavor Version Tinstall Tcheck Ttotal Status Flags
r-devel-linux-x86_64-debian-clang 1.0.0 1.10 18.50 19.60 NOTE
r-devel-linux-x86_64-debian-gcc 1.0.0 1.04 18.63 19.67 NOTE
r-devel-linux-x86_64-fedora-clang 1.0.0 41.87 NOTE
r-devel-linux-x86_64-fedora-gcc 1.0.0 45.22 NOTE
r-devel-osx-x86_64-clang 1.0.0 38.79 NOTE
r-devel-windows-ix86+x86_64 1.0.0 3.00 29.00 32.00 NOTE
r-patched-linux-x86_64 1.0.0 1.13 19.34 20.48 NOTE
r-patched-solaris-sparc 1.0.0 235.10 NOTE
r-patched-solaris-x86 1.0.0 56.60 NOTE
r-release-linux-ix86 1.0.0 1.50 26.34 27.84 NOTE
r-release-linux-x86_64 1.0.0 1.22 19.21 20.43 NOTE
r-release-osx-x86_64-mavericks 1.0.0 NOTE
r-release-osx-x86_64-snowleopard 1.0.0 NOTE
r-release-windows-ix86+x86_64 1.0.0 4.00 30.00 34.00 NOTE
r-oldrel-windows-ix86+x86_64 1.0.0 4.00 30.00 34.00 NOTE

Check Details

Version: 1.0.0
Check: R code for possible problems
Result: NOTE
    download.JSON: no visible global function definition for ‘fromJSON’
Flavors: r-devel-linux-x86_64-debian-clang, r-devel-linux-x86_64-debian-gcc, r-devel-linux-x86_64-fedora-clang, r-devel-linux-x86_64-fedora-gcc, r-devel-osx-x86_64-clang, r-devel-windows-ix86+x86_64

Version: 1.0.0
Check: data for non-ASCII characters
Result: NOTE
     Note: found 1 marked UTF-8 string
Flavors: r-devel-linux-x86_64-debian-clang, r-devel-linux-x86_64-debian-gcc, r-devel-linux-x86_64-fedora-clang, r-devel-linux-x86_64-fedora-gcc, r-devel-osx-x86_64-clang, r-devel-windows-ix86+x86_64, r-patched-linux-x86_64, r-patched-solaris-sparc, r-patched-solaris-x86, r-release-linux-ix86, r-release-linux-x86_64, r-release-osx-x86_64-mavericks, r-release-osx-x86_64-snowleopard, r-release-windows-ix86+x86_64, r-oldrel-windows-ix86+x86_64