Last updated on 2014-10-02 01:48:11.
Flavor | Version | Tinstall | Tcheck | Ttotal | Status | Flags |
---|---|---|---|---|---|---|
r-devel-linux-x86_64-debian-clang | 0.5 | 0.62 | 10.25 | 10.87 | NOTE | |
r-devel-linux-x86_64-debian-gcc | 0.5 | 0.61 | 10.24 | 10.85 | NOTE | |
r-devel-linux-x86_64-fedora-clang | 0.5 | 22.24 | NOTE | |||
r-devel-linux-x86_64-fedora-gcc | 0.5 | 25.54 | NOTE | |||
r-devel-osx-x86_64-clang | 0.5 | 23.27 | NOTE | |||
r-devel-windows-ix86+x86_64 | 0.5 | 2.00 | 16.00 | 18.00 | NOTE | |
r-patched-linux-x86_64 | 0.5 | 0.67 | 10.29 | 10.96 | OK | |
r-patched-solaris-sparc | 0.5 | 142.40 | OK | |||
r-patched-solaris-x86 | 0.5 | 32.00 | OK | |||
r-release-linux-ix86 | 0.5 | 0.91 | 15.92 | 16.83 | OK | |
r-release-linux-x86_64 | 0.5 | 0.62 | 9.96 | 10.58 | OK | |
r-release-osx-x86_64-mavericks | 0.5 | OK | ||||
r-release-windows-ix86+x86_64 | 0.5 | 3.00 | 18.00 | 21.00 | OK | |
r-oldrel-windows-ix86+x86_64 | 0.5 | 2.00 | 19.00 | 21.00 | OK |
Version: 0.5
Check: R code for possible problems
Result: NOTE
LittleMCAR: no visible global function definition for ‘mlest’
Flavors: r-devel-linux-x86_64-debian-clang, r-devel-linux-x86_64-debian-gcc, r-devel-linux-x86_64-fedora-clang, r-devel-linux-x86_64-fedora-gcc, r-devel-osx-x86_64-clang, r-devel-windows-ix86+x86_64