Last updated on 2014-10-02 01:48:11.
Flavor | Version | Tinstall | Tcheck | Ttotal | Status | Flags |
---|---|---|---|---|---|---|
r-devel-linux-x86_64-debian-clang | 1.0 | 5.78 | 70.89 | 76.67 | OK | |
r-devel-linux-x86_64-debian-gcc | 1.0 | 5.59 | 68.56 | 74.16 | OK | |
r-devel-linux-x86_64-fedora-clang | 1.0 | 188.23 | OK | |||
r-devel-linux-x86_64-fedora-gcc | 1.0 | 211.92 | OK | |||
r-devel-osx-x86_64-clang | 1.0 | 133.80 | OK | |||
r-devel-windows-ix86+x86_64 | 1.0 | 18.00 | 109.00 | 127.00 | OK | |
r-patched-linux-x86_64 | 1.0 | 6.26 | 73.66 | 79.91 | OK | |
r-patched-solaris-sparc | 1.0 | 1027.30 | OK | |||
r-patched-solaris-x86 | 1.0 | 253.10 | OK | |||
r-release-linux-ix86 | 1.0 | 7.86 | 89.04 | 96.90 | OK | |
r-release-linux-x86_64 | 1.0 | 6.18 | 74.70 | 80.88 | OK | |
r-release-osx-x86_64-mavericks | 1.0 | ERROR | ||||
r-release-osx-x86_64-snowleopard | 1.0 | OK | ||||
r-release-windows-ix86+x86_64 | 1.0 | 16.00 | 104.00 | 120.00 | OK | |
r-oldrel-windows-ix86+x86_64 | 1.0 | 18.00 | 109.00 | 127.00 | OK |
Version: 1.0
Check: package dependencies
Result: ERROR
Package required but not available: ‘QRM’
See the information on DESCRIPTION files in the chapter ‘Creating R
packages’ of the ‘Writing R Extensions’ manual.
Flavor: r-release-osx-x86_64-mavericks