Last updated on 2014-10-02 01:48:12.
Flavor | Version | Tinstall | Tcheck | Ttotal | Status | Flags |
---|---|---|---|---|---|---|
r-devel-linux-x86_64-debian-clang | 2.3 | 4.21 | 138.92 | 143.13 | NOTE | |
r-devel-linux-x86_64-debian-gcc | 2.3 | 4.31 | 147.97 | 152.28 | NOTE | |
r-devel-linux-x86_64-fedora-clang | 2.3 | 336.78 | NOTE | |||
r-devel-linux-x86_64-fedora-gcc | 2.3 | 347.97 | NOTE | |||
r-devel-osx-x86_64-clang | 2.3 | 282.05 | NOTE | |||
r-devel-windows-ix86+x86_64 | 2.3 | 12.00 | 200.00 | 212.00 | NOTE | |
r-patched-linux-x86_64 | 2.3 | 4.35 | 147.26 | 151.62 | OK | |
r-patched-solaris-sparc | 2.3 | 1773.30 | OK | |||
r-patched-solaris-x86 | 2.3 | 412.10 | OK | |||
r-release-linux-ix86 | 2.3 | 5.29 | 176.73 | 182.02 | OK | |
r-release-linux-x86_64 | 2.3 | 4.36 | 144.19 | 148.56 | OK | |
r-release-osx-x86_64-mavericks | 2.3 | ERROR | ||||
r-release-osx-x86_64-snowleopard | 2.3 | OK | ||||
r-release-windows-ix86+x86_64 | 2.3 | 13.00 | 206.00 | 219.00 | OK | |
r-oldrel-windows-ix86+x86_64 | 2.3 | 12.00 | 239.00 | 251.00 | OK |
Version: 2.3
Check: R code for possible problems
Result: NOTE
pnbd.DERT: no visible global function definition for ‘hyperg_1F1’
Flavors: r-devel-linux-x86_64-debian-clang, r-devel-linux-x86_64-debian-gcc, r-devel-linux-x86_64-fedora-clang, r-devel-linux-x86_64-fedora-gcc, r-devel-osx-x86_64-clang, r-devel-windows-ix86+x86_64
Version: 2.3
Check: package dependencies
Result: ERROR
Package required but not available: ‘gsl’
See the information on DESCRIPTION files in the chapter ‘Creating R
packages’ of the ‘Writing R Extensions’ manual.
Flavor: r-release-osx-x86_64-mavericks