Last updated on 2014-10-02 01:48:11.
Flavor | Version | Tinstall | Tcheck | Ttotal | Status | Flags |
---|---|---|---|---|---|---|
r-devel-linux-x86_64-debian-clang | 1.2 | 0.93 | 17.12 | 18.05 | NOTE | |
r-devel-linux-x86_64-debian-gcc | 1.2 | 0.84 | 16.64 | 17.48 | NOTE | |
r-devel-linux-x86_64-fedora-clang | 1.2 | 35.68 | NOTE | |||
r-devel-linux-x86_64-fedora-gcc | 1.2 | 40.32 | NOTE | |||
r-devel-osx-x86_64-clang | 1.2 | 33.65 | NOTE | |||
r-devel-windows-ix86+x86_64 | 1.2 | 3.00 | 25.00 | 28.00 | NOTE | |
r-patched-linux-x86_64 | 1.2 | 0.86 | 17.73 | 18.59 | NOTE | |
r-patched-solaris-sparc | 1.2 | 222.50 | NOTE | |||
r-patched-solaris-x86 | 1.2 | 47.00 | NOTE | |||
r-release-linux-ix86 | 1.2 | 1.15 | 23.89 | 25.04 | NOTE | |
r-release-linux-x86_64 | 1.2 | 0.83 | 17.99 | 18.82 | NOTE | |
r-release-osx-x86_64-mavericks | 1.2 | NOTE | ||||
r-release-windows-ix86+x86_64 | 1.2 | 3.00 | 28.00 | 31.00 | NOTE | |
r-oldrel-windows-ix86+x86_64 | 1.2 | 4.00 | 26.00 | 30.00 | NOTE |
Version: 1.2
Check: dependencies in R code
Result: NOTE
Package in Depends field not imported from: ‘zoo’
These packages need to be imported from (in the NAMESPACE file)
for when this namespace is loaded but not attached.
See the information on DESCRIPTION files in the chapter ‘Creating R
packages’ of the ‘Writing R Extensions’ manual.
Flavors: r-devel-linux-x86_64-debian-clang, r-devel-linux-x86_64-debian-gcc, r-devel-linux-x86_64-fedora-clang, r-devel-linux-x86_64-fedora-gcc, r-devel-osx-x86_64-clang, r-devel-windows-ix86+x86_64, r-patched-linux-x86_64, r-patched-solaris-sparc, r-patched-solaris-x86, r-release-linux-ix86, r-release-linux-x86_64, r-release-osx-x86_64-mavericks, r-release-windows-ix86+x86_64, r-oldrel-windows-ix86+x86_64
Version: 1.2
Check: R code for possible problems
Result: NOTE
eqwma: no visible global function definition for ‘is.zoo’
eqwma: no visible global function definition for ‘index’
eqwma: no visible global function definition for ‘coredata’
eqwma: no visible global function definition for ‘na.trim’
eqwma: no visible global function definition for ‘rollmean’
eqwma: no visible global function definition for ‘zoo’
gLag: no visible global function definition for ‘is.zoo’
gLag: no visible global function definition for ‘index’
gLag: no visible global function definition for ‘zoo’
gLog.ep: no visible global function definition for ‘is.zoo’
gLog.ep: no visible global function definition for ‘index’
gLog.ep: no visible global function definition for ‘zoo’
gets.mean: no visible global function definition for ‘as.zoo’
gets.mean: no visible global function definition for ‘na.trim’
gets.mean: no visible global function definition for ‘index’
gets.mean: no visible global function definition for ‘coredata’
gets.mean: no visible global function definition for ‘zoo’
gets.vol: no visible global function definition for ‘as.zoo’
gets.vol: no visible global function definition for ‘na.trim’
gets.vol: no visible global function definition for ‘index’
gets.vol: no visible global function definition for ‘coredata’
gets.vol: no visible global function definition for ‘zoo’
sm: no visible global function definition for ‘as.zoo’
sm: no visible global function definition for ‘na.trim’
sm: no visible global function definition for ‘index’
sm: no visible global function definition for ‘coredata’
sm: no visible global function definition for ‘zoo’
Flavors: r-devel-linux-x86_64-debian-clang, r-devel-linux-x86_64-debian-gcc, r-devel-linux-x86_64-fedora-clang, r-devel-linux-x86_64-fedora-gcc, r-devel-osx-x86_64-clang, r-devel-windows-ix86+x86_64